{"id":3022,"date":"2021-09-11T17:04:17","date_gmt":"2021-09-11T17:04:17","guid":{"rendered":"https:\/\/tiszadadakemping.hu\/index.php\/camping-glamping\/oeko-schwimmteich\/"},"modified":"2022-05-22T16:27:27","modified_gmt":"2022-05-22T16:27:27","slug":"oeko-schwimmteich","status":"publish","type":"page","link":"https:\/\/tiszadadakemping.hu\/index.php\/camping-glamping\/oeko-schwimmteich\/?lang=de","title":{"rendered":"\u00d6ko-Schwimmteich"},"content":{"rendered":"\t\t<div data-elementor-type=\"wp-page\" data-elementor-id=\"3022\" class=\"elementor elementor-3022 elementor-12\" data-elementor-settings=\"[]\">\n\t\t\t\t\t\t<div class=\"elementor-inner\">\n\t\t\t\t\t\t\t<div class=\"elementor-section-wrap\">\n\t\t\t\t\t\t\t<section class=\"elementor-section elementor-top-section elementor-element elementor-element-6bb0822a elementor-section-boxed elementor-section-height-default elementor-section-height-default\" data-id=\"6bb0822a\" data-element_type=\"section\">\n\t\t\t\t\t\t<div class=\"elementor-container elementor-column-gap-default\">\n\t\t\t\t\t\t\t<div class=\"elementor-row\">\n\t\t\t\t\t<div class=\"elementor-column elementor-col-100 elementor-top-column elementor-element elementor-element-22248567\" data-id=\"22248567\" data-element_type=\"column\">\n\t\t\t<div class=\"elementor-column-wrap elementor-element-populated\">\n\t\t\t\t\t\t\t<div class=\"elementor-widget-wrap\">\n\t\t\t\t\t\t<div class=\"elementor-element elementor-element-21ca552a elementor-widget elementor-widget-text-editor\" data-id=\"21ca552a\" data-element_type=\"widget\" data-widget_type=\"text-editor.default\">\n\t\t\t\t<div class=\"elementor-widget-container\">\n\t\t\t\t\t<div class=\"elementor-text-editor elementor-clearfix\"><p>Wir sind der Ansicht, dass in einem \u00d6ko-Campingplatz ein nach Chlor riechender Pool nichts zu suchen hat. Die Instandhaltung eines kleinen \u00f6ffentlichen Pools auf einem Campingplatz ist nach den Auflagen der Beh\u00f6rden fast ausschlie\u00dflich durch starke Chemikalien m\u00f6glich. Im Gegensatz dazu wird in einem Naturteich das nat\u00fcrliche biologische Gleichgewicht hergestellt, mechanische Schmutzpartikel mit passenden mechanischen Filtern entfernt. Mit beiden Methoden k\u00f6nnen eine passende Wasserqualit\u00e4t und Wasseroptik erreicht werden. Der Unterschied liegt nur darin, dass wir bei einem Naturteich das Leben im Wasser nicht vernichten.<\/p>\n<p>Unser Naturteich spiegelt die Welt der einheimischen Wasserpflanzen in Klein wider, das Wasser bleibt mit Hilfe von mechanischen und biologischen Filtern sauber. An den Ufern des Teiches erkl\u00e4ren diverse Infotafeln die Flora an den Ufern der Tisza und ihrer Altarme.<\/p>\n<p>Leider gibt es in Ungarn noch keine eindeutigen gesetzlichen Regelungen zu biologisch gereinigten Schwimmteichen.<\/p>\n<p>Daher k\u00f6nnen wir die Naturteiche nicht zum Schwimmen oder Baden empfehlen. Solange die Gesetze nicht in Kraft treten, k\u00f6nnen wir unseren Naturteich nicht als Schwimmteich genehmigen lassen, also nur als Dekoration anbieten.<\/p>\n<p>Zum Baden empfehlen wir den 15 Gehminuten entfernten belebten Strand an der Tisza.<\/p>\n<p><em>Das Baden in unserem Naturteich geschieht ausschlie\u00dflich auf eigene Gefahr!<\/em><\/p>\n<p><em>Der Teich ist 2m tief, daher bitten wir, dass sich die Eltern von Kindern, die nicht schwimmen k\u00f6nnen, immer in der N\u00e4he des Teiches aufhalten!<\/em><\/p>\n<p><em>Bitte geben Sie Acht auf die Unterwasserwelt im Teich!<\/em><\/p>\n<p><em>Es ist nicht erlaubt, in der N\u00e4he des Teiches (mit oder ohne Ball) zu spielen!<\/em><\/p>\n<\/div>\n\t\t\t\t<\/div>\n\t\t\t\t<\/div>\n\t\t\t\t<div class=\"elementor-element elementor-element-8ad4a41 elementor-widget elementor-widget-image\" data-id=\"8ad4a41\" data-element_type=\"widget\" data-widget_type=\"image.default\">\n\t\t\t\t<div class=\"elementor-widget-container\">\n\t\t\t\t\t<div class=\"elementor-image\">\n\t\t\t\t\t\t\t\t\t\t<img src=\"https:\/\/tiszadadakemping.hu\/wp-content\/uploads\/2021\/06\/To_csobogo-scaled.jpg\" title=\"\" alt=\"\" \/>\t\t\t\t\t\t\t\t\t\t\t<\/div>\n\t\t\t\t<\/div>\n\t\t\t\t<\/div>\n\t\t\t\t\t\t<\/div>\n\t\t\t\t\t<\/div>\n\t\t<\/div>\n\t\t\t\t\t\t\t\t<\/div>\n\t\t\t\t\t<\/div>\n\t\t<\/section>\n\t\t\t\t\t\t<\/div>\n\t\t\t\t\t\t<\/div>\n\t\t\t\t\t<\/div>\n\t\t","protected":false},"excerpt":{"rendered":"<p>Wir sind der Ansicht, dass in einem \u00d6ko-Campingplatz ein nach Chlor riechender Pool nichts zu suchen hat. Die Instandhaltung eines kleinen \u00f6ffentlichen Pools auf einem Campingplatz ist nach den Auflagen der Beh\u00f6rden fast ausschlie\u00dflich durch starke Chemikalien m\u00f6glich. Im Gegensatz dazu wird in einem Naturteich das nat\u00fcrliche biologische Gleichgewicht hergestellt, mechanische Schmutzpartikel mit passenden mechanischen Filtern entfernt. Mit beiden Methoden k\u00f6nnen eine passende Wasserqualit\u00e4t und Wasseroptik erreicht werden. Der Unterschied liegt nur darin, dass wir bei einem Naturteich das Leben im Wasser nicht vernichten. Unser Naturteich spiegelt die Welt der einheimischen Wasserpflanzen in Klein wider, das Wasser bleibt mit Hilfe von mechanischen und biologischen Filtern sauber. An den Ufern des Teiches erkl\u00e4ren diverse Infotafeln die Flora an den Ufern der Tisza und ihrer Altarme. Leider gibt es in Ungarn noch keine eindeutigen gesetzlichen Regelungen zu biologisch gereinigten Schwimmteichen. Daher k\u00f6nnen wir die Naturteiche nicht zum Schwimmen oder Baden empfehlen. Solange die Gesetze nicht in Kraft treten, k\u00f6nnen wir unseren Naturteich nicht als Schwimmteich genehmigen lassen, also nur als Dekoration anbieten. Zum Baden empfehlen wir den 15 Gehminuten entfernten belebten Strand an der Tisza. Das Baden in unserem Naturteich geschieht ausschlie\u00dflich auf eigene Gefahr! Der Teich ist 2m tief, daher bitten wir, dass sich die Eltern von Kindern, die nicht schwimmen k\u00f6nnen, immer in der N\u00e4he des Teiches aufhalten! Bitte geben Sie Acht auf die Unterwasserwelt im Teich! Es ist nicht erlaubt, in der N\u00e4he des Teiches (mit oder ohne Ball) zu spielen!<\/p>\n","protected":false},"author":1,"featured_media":0,"parent":3020,"menu_order":3,"comment_status":"closed","ping_status":"closed","template":"","meta":[],"_links":{"self":[{"href":"https:\/\/tiszadadakemping.hu\/index.php\/wp-json\/wp\/v2\/pages\/3022"}],"collection":[{"href":"https:\/\/tiszadadakemping.hu\/index.php\/wp-json\/wp\/v2\/pages"}],"about":[{"href":"https:\/\/tiszadadakemping.hu\/index.php\/wp-json\/wp\/v2\/types\/page"}],"author":[{"embeddable":true,"href":"https:\/\/tiszadadakemping.hu\/index.php\/wp-json\/wp\/v2\/users\/1"}],"replies":[{"embeddable":true,"href":"https:\/\/tiszadadakemping.hu\/index.php\/wp-json\/wp\/v2\/comments?post=3022"}],"version-history":[{"count":9,"href":"https:\/\/tiszadadakemping.hu\/index.php\/wp-json\/wp\/v2\/pages\/3022\/revisions"}],"predecessor-version":[{"id":4093,"href":"https:\/\/tiszadadakemping.hu\/index.php\/wp-json\/wp\/v2\/pages\/3022\/revisions\/4093"}],"up":[{"embeddable":true,"href":"https:\/\/tiszadadakemping.hu\/index.php\/wp-json\/wp\/v2\/pages\/3020"}],"wp:attachment":[{"href":"https:\/\/tiszadadakemping.hu\/index.php\/wp-json\/wp\/v2\/media?parent=3022"}],"curies":[{"name":"wp","href":"https:\/\/api.w.org\/{rel}","templated":true}]}}