{"id":3043,"date":"2021-09-12T19:20:18","date_gmt":"2021-09-12T19:20:18","guid":{"rendered":"https:\/\/tiszadadakemping.hu\/index.php\/ausfluege\/angeln\/"},"modified":"2022-05-05T16:55:39","modified_gmt":"2022-05-05T16:55:39","slug":"angeln","status":"publish","type":"page","link":"https:\/\/tiszadadakemping.hu\/index.php\/ausfluege\/angeln\/?lang=de","title":{"rendered":"Angeln"},"content":{"rendered":"\t\t<div data-elementor-type=\"wp-page\" data-elementor-id=\"3043\" class=\"elementor elementor-3043 elementor-16\" data-elementor-settings=\"[]\">\n\t\t\t\t\t\t<div class=\"elementor-inner\">\n\t\t\t\t\t\t\t<div class=\"elementor-section-wrap\">\n\t\t\t\t\t\t\t<section class=\"elementor-section elementor-top-section elementor-element elementor-element-6550e32d elementor-section-boxed elementor-section-height-default elementor-section-height-default\" data-id=\"6550e32d\" data-element_type=\"section\">\n\t\t\t\t\t\t<div class=\"elementor-container elementor-column-gap-default\">\n\t\t\t\t\t\t\t<div class=\"elementor-row\">\n\t\t\t\t\t<div class=\"elementor-column elementor-col-100 elementor-top-column elementor-element elementor-element-644dd6d9\" data-id=\"644dd6d9\" data-element_type=\"column\">\n\t\t\t<div class=\"elementor-column-wrap elementor-element-populated\">\n\t\t\t\t\t\t\t<div class=\"elementor-widget-wrap\">\n\t\t\t\t\t\t<div class=\"elementor-element elementor-element-1cc9a19e elementor-widget elementor-widget-text-editor\" data-id=\"1cc9a19e\" data-element_type=\"widget\" data-widget_type=\"text-editor.default\">\n\t\t\t\t<div class=\"elementor-widget-container\">\n\t\t\t\t\t<div class=\"elementor-text-editor elementor-clearfix\"><p>Tiszadada bietet eine Vielzahl von hervorragenden Anglerm\u00f6glichkeiten. Abgesehen von \u201e\u00c9l\u00f4 Tisza\u201c befinden sich mehrere wildromantische Altarme und ein Anglersee in der unmittelbaren N\u00e4he. Der Landungsplatz der \u201e\u00c9l\u00f4 Tisza\u201c (lebende Tisza) liegt 70 km von unserem Camping-Platz entfernt. Direkt an unserem Camping-Platz beginnt das \u00dcberschwemmungs-Naturschutzgebiet Tiszadob. Innerhalb kurzer Fahrstrecken befinden sich weitere unz\u00e4hlige Altarm-Abschnitte warten auf Entdeckung.<\/p>\n<p>Karte Angeln (<span class=\"Y2IQFc\" lang=\"de\">t\u00e4glich oder touristisch):<\/span><\/p>\n<p><a href=\"https:\/\/horgaszjegy.hu\/\" target=\"_blank\" rel=\"noopener\">https:\/\/horgaszjegy.hu\/<\/a><\/p>\n<\/div>\n\t\t\t\t<\/div>\n\t\t\t\t<\/div>\n\t\t\t\t\t\t<\/div>\n\t\t\t\t\t<\/div>\n\t\t<\/div>\n\t\t\t\t\t\t\t\t<\/div>\n\t\t\t\t\t<\/div>\n\t\t<\/section>\n\t\t\t\t\t\t<\/div>\n\t\t\t\t\t\t<\/div>\n\t\t\t\t\t<\/div>\n\t\t","protected":false},"excerpt":{"rendered":"<p>Tiszadada bietet eine Vielzahl von hervorragenden Anglerm\u00f6glichkeiten. Abgesehen von \u201e\u00c9l\u00f4 Tisza\u201c befinden sich mehrere wildromantische Altarme und ein Anglersee in der unmittelbaren N\u00e4he. Der Landungsplatz der \u201e\u00c9l\u00f4 Tisza\u201c (lebende Tisza) liegt 70 km von unserem Camping-Platz entfernt. Direkt an unserem Camping-Platz beginnt das \u00dcberschwemmungs-Naturschutzgebiet Tiszadob. Innerhalb kurzer Fahrstrecken befinden sich weitere unz\u00e4hlige Altarm-Abschnitte warten auf Entdeckung. Karte Angeln (t\u00e4glich oder touristisch): https:\/\/horgaszjegy.hu\/<\/p>\n","protected":false},"author":1,"featured_media":0,"parent":3029,"menu_order":5,"comment_status":"closed","ping_status":"closed","template":"","meta":[],"_links":{"self":[{"href":"https:\/\/tiszadadakemping.hu\/index.php\/wp-json\/wp\/v2\/pages\/3043"}],"collection":[{"href":"https:\/\/tiszadadakemping.hu\/index.php\/wp-json\/wp\/v2\/pages"}],"about":[{"href":"https:\/\/tiszadadakemping.hu\/index.php\/wp-json\/wp\/v2\/types\/page"}],"author":[{"embeddable":true,"href":"https:\/\/tiszadadakemping.hu\/index.php\/wp-json\/wp\/v2\/users\/1"}],"replies":[{"embeddable":true,"href":"https:\/\/tiszadadakemping.hu\/index.php\/wp-json\/wp\/v2\/comments?post=3043"}],"version-history":[{"count":5,"href":"https:\/\/tiszadadakemping.hu\/index.php\/wp-json\/wp\/v2\/pages\/3043\/revisions"}],"predecessor-version":[{"id":3919,"href":"https:\/\/tiszadadakemping.hu\/index.php\/wp-json\/wp\/v2\/pages\/3043\/revisions\/3919"}],"up":[{"embeddable":true,"href":"https:\/\/tiszadadakemping.hu\/index.php\/wp-json\/wp\/v2\/pages\/3029"}],"wp:attachment":[{"href":"https:\/\/tiszadadakemping.hu\/index.php\/wp-json\/wp\/v2\/media?parent=3043"}],"curies":[{"name":"wp","href":"https:\/\/api.w.org\/{rel}","templated":true}]}}