{"id":3045,"date":"2021-09-12T19:24:51","date_gmt":"2021-09-12T19:24:51","guid":{"rendered":"https:\/\/tiszadadakemping.hu\/index.php\/oeko-camping\/"},"modified":"2026-05-09T19:00:21","modified_gmt":"2026-05-09T19:00:21","slug":"oeko-camping","status":"publish","type":"page","link":"https:\/\/tiszadadakemping.hu\/index.php\/oeko-camping\/?lang=de","title":{"rendered":"\u00d6ko-Camping"},"content":{"rendered":"\t\t<div data-elementor-type=\"wp-page\" data-elementor-id=\"3045\" class=\"elementor elementor-3045 elementor-24\" data-elementor-settings=\"[]\">\n\t\t\t\t\t\t<div class=\"elementor-inner\">\n\t\t\t\t\t\t\t<div class=\"elementor-section-wrap\">\n\t\t\t\t\t\t\t<section class=\"elementor-section elementor-top-section elementor-element elementor-element-536e621b elementor-section-boxed elementor-section-height-default elementor-section-height-default\" data-id=\"536e621b\" data-element_type=\"section\">\n\t\t\t\t\t\t<div class=\"elementor-container elementor-column-gap-default\">\n\t\t\t\t\t\t\t<div class=\"elementor-row\">\n\t\t\t\t\t<div class=\"elementor-column elementor-col-100 elementor-top-column elementor-element elementor-element-3d148b5c\" data-id=\"3d148b5c\" data-element_type=\"column\">\n\t\t\t<div class=\"elementor-column-wrap elementor-element-populated\">\n\t\t\t\t\t\t\t<div class=\"elementor-widget-wrap\">\n\t\t\t\t\t\t<div class=\"elementor-element elementor-element-caff7ac elementor-widget elementor-widget-text-editor\" data-id=\"caff7ac\" data-element_type=\"widget\" data-widget_type=\"text-editor.default\">\n\t\t\t\t<div class=\"elementor-widget-container\">\n\t\t\t\t\t<div class=\"elementor-text-editor elementor-clearfix\"><p><img loading=\"lazy\" class=\"alignleft wp-image-2734 size-medium\" src=\"https:\/\/tiszadadakemping.hu\/wp-content\/uploads\/2021\/09\/napelemek-300x219.jpg\" alt=\"\" width=\"300\" height=\"219\" srcset=\"https:\/\/tiszadadakemping.hu\/wp-content\/uploads\/2021\/09\/napelemek-300x219.jpg 300w, https:\/\/tiszadadakemping.hu\/wp-content\/uploads\/2021\/09\/napelemek-1024x748.jpg 1024w, https:\/\/tiszadadakemping.hu\/wp-content\/uploads\/2021\/09\/napelemek-768x561.jpg 768w, https:\/\/tiszadadakemping.hu\/wp-content\/uploads\/2021\/09\/napelemek-1536x1123.jpg 1536w, https:\/\/tiszadadakemping.hu\/wp-content\/uploads\/2021\/09\/napelemek-1140x833.jpg 1140w, https:\/\/tiszadadakemping.hu\/wp-content\/uploads\/2021\/09\/napelemek.jpg 1646w\" sizes=\"(max-width: 300px) 100vw, 300px\" \/><\/p><p><em>Null-Energiebilanz<\/em><\/p><p style=\"letter-spacing: normal;\">Unser Camping-Platz hat eine Null-Energiebilanz, das bedeutet, wir verbrauchen nur so viel Energie (st\u00e4ndige Verbraucher), wie wir herstellen. Das Warmwasser sowie der Strom werden mit Sonnenenergie hergestellt.\u00a0<\/p><p><a href=\"https:\/\/www.solarweb.com\/Home\/GuestLogOn?pvSystemId=4bc2d1bf-1aed-4e50-8b95-3933be62d985\" target=\"_blank\" rel=\"noopener\"><em><span style=\"text-decoration: underline;\">Tiszadada Camping &amp; Glamping Solar System LIVE<\/span><\/em><\/a><em><a href=\"https:\/\/www.solarweb.com\/Home\/GuestLogOn?pvSystemId=4bc2d1bf-1aed-4e50-8b95-3933be62d985\" target=\"_blank\" rel=\"noopener\"><img loading=\"lazy\" class=\"alignleft\" src=\"https:\/\/tiszadadakemping.hu\/wp-content\/uploads\/2021\/10\/fronius-150x150.png\" alt=\"\" width=\"82\" height=\"82\" \/><\/a><\/em><\/p><\/div>\n\t\t\t\t<\/div>\n\t\t\t\t<\/div>\n\t\t\t\t<div class=\"elementor-element elementor-element-f08cbce elementor-widget elementor-widget-text-editor\" data-id=\"f08cbce\" data-element_type=\"widget\" data-widget_type=\"text-editor.default\">\n\t\t\t\t<div class=\"elementor-widget-container\">\n\t\t\t\t\t<div class=\"elementor-text-editor elementor-clearfix\"><p><img loading=\"lazy\" class=\"alignleft\" src=\"https:\/\/tiszadadakemping.hu\/wp-content\/uploads\/2023\/05\/bufe1-300x178.jpg\" alt=\"\" width=\"300\" height=\"178\" \/><\/p>\n<p><span style=\"text-align: justify; letter-spacing: 0px;\"><i>\u00d6ko Snackbar<\/i><\/span><\/p>\n<p>Auch am Buffet stehen Nachhaltigkeit und Umweltbewusstsein bei uns an erster Stelle. Alle Gerichte werden aus hochwertigen Rohstoffen hergestellt und kommen ausschlie\u00dflich aus lokalem Bio-Anbau und aus den H\u00e4usern unserer Originalproduzenten aus der Region. Wir verzichten auf Teller und Besteck aus Papier oder Plastik. Die Snackbar \u00f6ffnet am 15. Juni und bleibt bis zum Ende der Hochsaison ge\u00f6ffnet! Die \u00d6ffnungszeiten sind t\u00e4glich von 08:00 bis 11:00 Uhr und von 17:00 bis 22:00 Uhr, sodass Sie bei uns sowohl Fr\u00fchst\u00fcck als auch Abendessen genie\u00dfen k\u00f6nnen!<\/p>\n<\/div>\n\t\t\t\t<\/div>\n\t\t\t\t<\/div>\n\t\t\t\t<div class=\"elementor-element elementor-element-883229f elementor-widget elementor-widget-text-editor\" data-id=\"883229f\" data-element_type=\"widget\" data-widget_type=\"text-editor.default\">\n\t\t\t\t<div class=\"elementor-widget-container\">\n\t\t\t\t\t<div class=\"elementor-text-editor elementor-clearfix\"><p><img loading=\"lazy\" width=\"300\" height=\"201\" class=\"wp-image-2543 alignleft\" src=\"https:\/\/tiszadadakemping.hu\/wp-content\/uploads\/2020\/12\/image003-300x201.jpg\" alt=\"\" srcset=\"https:\/\/tiszadadakemping.hu\/wp-content\/uploads\/2020\/12\/image003-300x201.jpg 300w, https:\/\/tiszadadakemping.hu\/wp-content\/uploads\/2020\/12\/image003.jpg 438w\" sizes=\"(max-width: 300px) 100vw, 300px\" \/><\/p>\n<p><em>M\u00fcllbehandlung und Recycling<\/em><\/p>\n<p style=\"letter-spacing: normal;\">Wir selektieren unseren M\u00fcll.\u00a0 Wir drucken auf recyceltem Papier.<\/p>\n<\/div>\n\t\t\t\t<\/div>\n\t\t\t\t<\/div>\n\t\t\t\t<div class=\"elementor-element elementor-element-f7a4c3e elementor-widget elementor-widget-text-editor\" data-id=\"f7a4c3e\" data-element_type=\"widget\" data-widget_type=\"text-editor.default\">\n\t\t\t\t<div class=\"elementor-widget-container\">\n\t\t\t\t\t<div class=\"elementor-text-editor elementor-clearfix\"><p><img loading=\"lazy\" class=\"wp-image-2765 size-medium alignleft\" src=\"https:\/\/tiszadadakemping.hu\/wp-content\/uploads\/2020\/12\/Gaurav-Kumara-kepe-a-Pixbayen_vagott-300x117.jpg\" alt=\"\" width=\"300\" height=\"117\" srcset=\"https:\/\/tiszadadakemping.hu\/wp-content\/uploads\/2020\/12\/Gaurav-Kumara-kepe-a-Pixbayen_vagott-300x117.jpg 300w, https:\/\/tiszadadakemping.hu\/wp-content\/uploads\/2020\/12\/Gaurav-Kumara-kepe-a-Pixbayen_vagott-1024x398.jpg 1024w, https:\/\/tiszadadakemping.hu\/wp-content\/uploads\/2020\/12\/Gaurav-Kumara-kepe-a-Pixbayen_vagott-768x299.jpg 768w, https:\/\/tiszadadakemping.hu\/wp-content\/uploads\/2020\/12\/Gaurav-Kumara-kepe-a-Pixbayen_vagott-600x233.jpg 600w, https:\/\/tiszadadakemping.hu\/wp-content\/uploads\/2020\/12\/Gaurav-Kumara-kepe-a-Pixbayen_vagott-1536x598.jpg 1536w, https:\/\/tiszadadakemping.hu\/wp-content\/uploads\/2020\/12\/Gaurav-Kumara-kepe-a-Pixbayen_vagott-1140x444.jpg 1140w, https:\/\/tiszadadakemping.hu\/wp-content\/uploads\/2020\/12\/Gaurav-Kumara-kepe-a-Pixbayen_vagott.jpg 1920w\" sizes=\"(max-width: 300px) 100vw, 300px\" \/><\/p>\n<p><em>Wassersparen<\/em><\/p>\n<p style=\"letter-spacing: normal;\">Wir sparen mit dem Wasser, wo wir k\u00f6nnen. Das Grauwasser der Waschr\u00e4ume sowie das Regenwasser werden in der Toilettensp\u00fclung sowie im Bew\u00e4sserungssystem wiederverwendet. Die Duschen funktionieren mit zeitgesteuerten Kn\u00f6pfen.<\/p>\n<\/div>\n\t\t\t\t<\/div>\n\t\t\t\t<\/div>\n\t\t\t\t<div class=\"elementor-element elementor-element-0fcb9b2 elementor-widget elementor-widget-text-editor\" data-id=\"0fcb9b2\" data-element_type=\"widget\" data-widget_type=\"text-editor.default\">\n\t\t\t\t<div class=\"elementor-widget-container\">\n\t\t\t\t\t<div class=\"elementor-text-editor elementor-clearfix\"><p><img class=\"alignleft\" src=\"https:\/\/tiszadadakemping.hu\/wp-content\/uploads\/2020\/12\/image006.png\" alt=\"\" \/><\/p>\n<p><em>Chemikalien<\/em><\/p>\n<p style=\"letter-spacing: normal;\">Wir empfehlen unseren G\u00e4sten, unsere organische, 100% biologisch abbaubare Waschmittel \u201eCleaneco\u201c zu benutzen. Im Garten nutzen wir ausschlie\u00dflich umweltfreundliche Chemikalien, die Pflanzen werden nicht gespritzt. Das Poolwasser wird mit einem salzl\u00f6senden System (nicht mit chlorhaltigen Chemikalien) desinfiziert, das Wasser schmeckt daher ein wenig nach Salz.<\/p>\n<\/div>\n\t\t\t\t<\/div>\n\t\t\t\t<\/div>\n\t\t\t\t<div class=\"elementor-element elementor-element-c1e06f7 elementor-widget elementor-widget-text-editor\" data-id=\"c1e06f7\" data-element_type=\"widget\" data-widget_type=\"text-editor.default\">\n\t\t\t\t<div class=\"elementor-widget-container\">\n\t\t\t\t\t<div class=\"elementor-text-editor elementor-clearfix\"><p><img loading=\"lazy\" class=\"size-medium wp-image-2768 alignleft\" src=\"https:\/\/tiszadadakemping.hu\/wp-content\/uploads\/2021\/01\/madbaratkert_tabla_sz-300x167.jpg\" alt=\"\" width=\"300\" height=\"167\" srcset=\"https:\/\/tiszadadakemping.hu\/wp-content\/uploads\/2021\/01\/madbaratkert_tabla_sz-300x167.jpg 300w, https:\/\/tiszadadakemping.hu\/wp-content\/uploads\/2021\/01\/madbaratkert_tabla_sz.jpg 753w\" sizes=\"(max-width: 300px) 100vw, 300px\" \/><\/p>\n<p style=\"letter-spacing: normal;\"><em>\u00a0<\/em><\/p>\n<p><em>Wir sind ein vogelfreundlicher Camping-Platz<\/em><\/p>\n<p style=\"letter-spacing: normal;\">Wir befolgen die Direktiven des ungarischen Vogelkunde- und Naturschutzvereins.<\/p>\n<\/div>\n\t\t\t\t<\/div>\n\t\t\t\t<\/div>\n\t\t\t\t<div class=\"elementor-element elementor-element-45e02df elementor-widget elementor-widget-text-editor\" data-id=\"45e02df\" data-element_type=\"widget\" data-widget_type=\"text-editor.default\">\n\t\t\t\t<div class=\"elementor-widget-container\">\n\t\t\t\t\t<div class=\"elementor-text-editor elementor-clearfix\"><p><img loading=\"lazy\" width=\"300\" height=\"155\" class=\"wp-image-2755 alignleft\" src=\"https:\/\/tiszadadakemping.hu\/wp-content\/uploads\/2020\/12\/image008-300x155.jpg\" alt=\"\" srcset=\"https:\/\/tiszadadakemping.hu\/wp-content\/uploads\/2020\/12\/image008-300x155.jpg 300w, https:\/\/tiszadadakemping.hu\/wp-content\/uploads\/2020\/12\/image008.jpg 545w\" sizes=\"(max-width: 300px) 100vw, 300px\" \/><\/p>\n<p><em>Minimale Lichtverschmutzung<\/em><\/p>\n<p style=\"letter-spacing: normal;\">Die Beleuchtung auf unserem Camping-Platz haben wir so gel\u00f6st, dass nachts nur eine zur Sicherheit aller notwendige Beleuchtung l\u00e4uft. So verringern wir die Lichtverschmutzung der Umgebung sowie des nahe gelegenen Naturschutzgebietes. Daneben sparen wir Energie. Unsere G\u00e4ste k\u00f6nnen an klaren N\u00e4chten die Sterne ungest\u00f6rt bewundern.<\/p>\n<\/div>\n\t\t\t\t<\/div>\n\t\t\t\t<\/div>\n\t\t\t\t<div class=\"elementor-element elementor-element-faeba73 elementor-widget elementor-widget-text-editor\" data-id=\"faeba73\" data-element_type=\"widget\" data-widget_type=\"text-editor.default\">\n\t\t\t\t<div class=\"elementor-widget-container\">\n\t\t\t\t\t<div class=\"elementor-text-editor elementor-clearfix\"><p><img loading=\"lazy\" class=\"size-medium wp-image-2770 alignleft\" src=\"https:\/\/tiszadadakemping.hu\/wp-content\/uploads\/2021\/01\/AllClear55-kepe-a-Pixabay-en_vagott-300x157.jpg\" alt=\"\" width=\"300\" height=\"157\" srcset=\"https:\/\/tiszadadakemping.hu\/wp-content\/uploads\/2021\/01\/AllClear55-kepe-a-Pixabay-en_vagott-300x157.jpg 300w, https:\/\/tiszadadakemping.hu\/wp-content\/uploads\/2021\/01\/AllClear55-kepe-a-Pixabay-en_vagott-1024x534.jpg 1024w, https:\/\/tiszadadakemping.hu\/wp-content\/uploads\/2021\/01\/AllClear55-kepe-a-Pixabay-en_vagott-768x401.jpg 768w, https:\/\/tiszadadakemping.hu\/wp-content\/uploads\/2021\/01\/AllClear55-kepe-a-Pixabay-en_vagott-1536x802.jpg 1536w, https:\/\/tiszadadakemping.hu\/wp-content\/uploads\/2021\/01\/AllClear55-kepe-a-Pixabay-en_vagott-720x380.jpg 720w, https:\/\/tiszadadakemping.hu\/wp-content\/uploads\/2021\/01\/AllClear55-kepe-a-Pixabay-en_vagott-1140x595.jpg 1140w, https:\/\/tiszadadakemping.hu\/wp-content\/uploads\/2021\/01\/AllClear55-kepe-a-Pixabay-en_vagott.jpg 1920w\" sizes=\"(max-width: 300px) 100vw, 300px\" \/><\/p>\n<p><em>Nachtruhe<\/em><\/p>\n<p>Die n\u00e4chtliche Stille und Ruhe ist das Pfand sowohl f\u00fcr den Menschen als auch f\u00fcr die Tiere. Auf unserem Campingplatz ist es zwischen 23h und 7h verboten, mit Fahrzeugen zu verkehren. Wir bitten unsere G\u00e4ste, in dieser Zeit keine ger\u00e4uschvollen T\u00e4tigkeiten oder L\u00e4rm zu verursachen.<\/p>\n<\/div>\n\t\t\t\t<\/div>\n\t\t\t\t<\/div>\n\t\t\t\t<div class=\"elementor-element elementor-element-701f77b3 elementor-widget elementor-widget-text-editor\" data-id=\"701f77b3\" data-element_type=\"widget\" data-widget_type=\"text-editor.default\">\n\t\t\t\t<div class=\"elementor-widget-container\">\n\t\t\t\t\t<div class=\"elementor-text-editor elementor-clearfix\"><div>\n<div>\n<div><\/div>\n<p><img loading=\"lazy\" class=\"alignleft\" src=\"https:\/\/tiszadadakemping.hu\/wp-content\/uploads\/2020\/12\/Paul-Brennan-kepe-a-Pixabay-en-300x220.jpg\" alt=\"\" width=\"300\" height=\"220\" \/><i><br \/>\n<\/i><\/p>\n<p><em>Elektroauto-Ladestation<\/em><\/p>\n<p><i style=\"letter-spacing: 0px;\">Auf unserem Camping-Platz bieten wir eine 11 kW-starke Elektroauto-Ladestation an. Da die Ladestation f\u00fcr n\u00e4chtliche Benutzung konzipiert wurde, eignet sie sich nicht f\u00fcr Schnellladungen. Der Stromanschluss der Parzellen eignet sich nicht zur Ladung von Elektroautos.<\/i><\/p>\n<\/div>\n<\/div>\n<\/div>\n\t\t\t\t<\/div>\n\t\t\t\t<\/div>\n\t\t\t\t\t\t<\/div>\n\t\t\t\t\t<\/div>\n\t\t<\/div>\n\t\t\t\t\t\t\t\t<\/div>\n\t\t\t\t\t<\/div>\n\t\t<\/section>\n\t\t\t\t\t\t<\/div>\n\t\t\t\t\t\t<\/div>\n\t\t\t\t\t<\/div>\n\t\t","protected":false},"excerpt":{"rendered":"<p>Null-Energiebilanz Unser Camping-Platz hat eine Null-Energiebilanz, das bedeutet, wir verbrauchen nur so viel Energie (st\u00e4ndige Verbraucher), wie wir herstellen. Das Warmwasser sowie der Strom werden mit Sonnenenergie hergestellt.\u00a0 Tiszadada Camping &amp; Glamping Solar System LIVE \u00d6ko Snackbar Auch am Buffet stehen Nachhaltigkeit und Umweltbewusstsein bei uns an erster Stelle. Alle Gerichte werden aus hochwertigen Rohstoffen hergestellt und kommen ausschlie\u00dflich aus lokalem Bio-Anbau und aus den H\u00e4usern unserer Originalproduzenten aus der Region. Wir verzichten auf Teller und Besteck aus Papier oder Plastik. Die Snackbar \u00f6ffnet am 15. Juni und bleibt bis zum Ende der Hochsaison ge\u00f6ffnet! Die \u00d6ffnungszeiten sind t\u00e4glich von 08:00 bis 11:00 Uhr und von 17:00 bis 22:00 Uhr, sodass Sie bei uns sowohl Fr\u00fchst\u00fcck als auch Abendessen genie\u00dfen k\u00f6nnen! M\u00fcllbehandlung und Recycling Wir selektieren unseren M\u00fcll.\u00a0 Wir drucken auf recyceltem Papier. Wassersparen Wir sparen mit dem Wasser, wo wir k\u00f6nnen. Das Grauwasser der Waschr\u00e4ume sowie das Regenwasser werden in der Toilettensp\u00fclung sowie im Bew\u00e4sserungssystem wiederverwendet. Die Duschen funktionieren mit zeitgesteuerten Kn\u00f6pfen. Chemikalien Wir empfehlen unseren G\u00e4sten, unsere organische, 100% biologisch abbaubare Waschmittel \u201eCleaneco\u201c zu benutzen. Im Garten nutzen wir ausschlie\u00dflich umweltfreundliche Chemikalien, die Pflanzen werden nicht gespritzt. Das Poolwasser wird mit einem salzl\u00f6senden System (nicht mit chlorhaltigen Chemikalien) desinfiziert, das Wasser schmeckt daher ein wenig nach Salz. \u00a0 Wir sind ein vogelfreundlicher Camping-Platz Wir befolgen die Direktiven des ungarischen Vogelkunde- und Naturschutzvereins. Minimale Lichtverschmutzung Die Beleuchtung auf unserem Camping-Platz haben wir so gel\u00f6st, dass nachts nur eine zur Sicherheit aller notwendige Beleuchtung l\u00e4uft. So verringern wir die Lichtverschmutzung der Umgebung sowie des nahe gelegenen Naturschutzgebietes. Daneben sparen wir Energie. Unsere G\u00e4ste k\u00f6nnen an klaren N\u00e4chten die Sterne ungest\u00f6rt bewundern. Nachtruhe Die n\u00e4chtliche Stille und Ruhe ist das Pfand sowohl f\u00fcr den Menschen als auch f\u00fcr die Tiere. Auf unserem Campingplatz ist es zwischen 23h und 7h verboten, mit Fahrzeugen zu verkehren. Wir bitten unsere G\u00e4ste, in dieser Zeit keine ger\u00e4uschvollen T\u00e4tigkeiten oder L\u00e4rm zu verursachen. Elektroauto-Ladestation Auf unserem Camping-Platz bieten wir eine 11 kW-starke Elektroauto-Ladestation an. Da die Ladestation f\u00fcr n\u00e4chtliche Benutzung konzipiert wurde, eignet sie sich nicht f\u00fcr Schnellladungen. Der Stromanschluss der Parzellen eignet sich nicht zur Ladung von Elektroautos.<\/p>\n","protected":false},"author":1,"featured_media":0,"parent":0,"menu_order":0,"comment_status":"closed","ping_status":"closed","template":"","meta":[],"_links":{"self":[{"href":"https:\/\/tiszadadakemping.hu\/index.php\/wp-json\/wp\/v2\/pages\/3045"}],"collection":[{"href":"https:\/\/tiszadadakemping.hu\/index.php\/wp-json\/wp\/v2\/pages"}],"about":[{"href":"https:\/\/tiszadadakemping.hu\/index.php\/wp-json\/wp\/v2\/types\/page"}],"author":[{"embeddable":true,"href":"https:\/\/tiszadadakemping.hu\/index.php\/wp-json\/wp\/v2\/users\/1"}],"replies":[{"embeddable":true,"href":"https:\/\/tiszadadakemping.hu\/index.php\/wp-json\/wp\/v2\/comments?post=3045"}],"version-history":[{"count":16,"href":"https:\/\/tiszadadakemping.hu\/index.php\/wp-json\/wp\/v2\/pages\/3045\/revisions"}],"predecessor-version":[{"id":6713,"href":"https:\/\/tiszadadakemping.hu\/index.php\/wp-json\/wp\/v2\/pages\/3045\/revisions\/6713"}],"wp:attachment":[{"href":"https:\/\/tiszadadakemping.hu\/index.php\/wp-json\/wp\/v2\/media?parent=3045"}],"curies":[{"name":"wp","href":"https:\/\/api.w.org\/{rel}","templated":true}]}}