{"id":3295,"date":"2021-10-28T19:00:29","date_gmt":"2021-10-28T19:00:29","guid":{"rendered":"https:\/\/tiszadadakemping.hu\/index.php\/eko-kemping\/"},"modified":"2025-05-08T07:22:46","modified_gmt":"2025-05-08T07:22:46","slug":"eko-kemping","status":"publish","type":"page","link":"https:\/\/tiszadadakemping.hu\/index.php\/eko-kemping\/?lang=sk","title":{"rendered":"Eko kemping"},"content":{"rendered":"\t\t<div data-elementor-type=\"wp-page\" data-elementor-id=\"3295\" class=\"elementor elementor-3295 elementor-24\" data-elementor-settings=\"[]\">\n\t\t\t\t\t\t<div class=\"elementor-inner\">\n\t\t\t\t\t\t\t<div class=\"elementor-section-wrap\">\n\t\t\t\t\t\t\t<section class=\"elementor-section elementor-top-section elementor-element elementor-element-536e621b elementor-section-boxed elementor-section-height-default elementor-section-height-default\" data-id=\"536e621b\" data-element_type=\"section\">\n\t\t\t\t\t\t<div class=\"elementor-container elementor-column-gap-default\">\n\t\t\t\t\t\t\t<div class=\"elementor-row\">\n\t\t\t\t\t<div class=\"elementor-column elementor-col-100 elementor-top-column elementor-element elementor-element-3d148b5c\" data-id=\"3d148b5c\" data-element_type=\"column\">\n\t\t\t<div class=\"elementor-column-wrap elementor-element-populated\">\n\t\t\t\t\t\t\t<div class=\"elementor-widget-wrap\">\n\t\t\t\t\t\t<div class=\"elementor-element elementor-element-caff7ac elementor-widget elementor-widget-text-editor\" data-id=\"caff7ac\" data-element_type=\"widget\" data-widget_type=\"text-editor.default\">\n\t\t\t\t<div class=\"elementor-widget-container\">\n\t\t\t\t\t<div class=\"elementor-text-editor elementor-clearfix\"><p><img loading=\"lazy\" class=\"alignleft\" src=\"https:\/\/tiszadadakemping.hu\/wp-content\/uploads\/2021\/09\/napelemek-300x219.jpg\" alt=\"\" width=\"300\" height=\"219\" \/><\/p>\n<p><em>Nulov\u00e1 energetick\u00e1 bilancia<\/em><\/p>\n<p style=\"letter-spacing: normal;\"><em>N\u00e1\u0161 kemp je prev\u00e1dzkovan\u00fd s nulovou energetickou bilanciou, tak\u017ee spotrebujeme len to\u013eko energie, ko\u013eko z nej vyrob\u00edme. Tepl\u00fa vodu a elektrinu vyr\u00e1bame pomocou slne\u010dnej energie. Vy\u017eaduje si to aj men\u0161ie obetu od na\u0161ich n\u00e1v\u0161tevn\u00edkov: mno\u017estvo teplej vody je obmedzen\u00e9, najm\u00e4 po\u010das zamra\u010den\u00fdch dn\u00ed. Odpor\u00fa\u010dame pou\u017e\u00edva\u0165 sprchy rozlo\u017eene po\u010das d\u0148a, aby sa predi\u0161lo \u00fapln\u00e9mu vy\u010derpaniu teplej vody. \u00a0<\/em><\/p>\n<p style=\"letter-spacing: normal;\"><a href=\"https:\/\/www.solarweb.com\/Home\/GuestLogOn?pvSystemId=4bc2d1bf-1aed-4e50-8b95-3933be62d985\" target=\"_blank\" rel=\"noopener\"><em><span style=\"text-decoration: underline;\">Tiszadada Kemping &amp; Glamping sol\u00e1rne panely LIVE<\/span><\/em><\/a><em><a href=\"https:\/\/www.solarweb.com\/Home\/GuestLogOn?pvSystemId=4bc2d1bf-1aed-4e50-8b95-3933be62d985\" target=\"_blank\" rel=\"noopener\"><img loading=\"lazy\" class=\"alignleft\" src=\"https:\/\/tiszadadakemping.hu\/wp-content\/uploads\/2021\/10\/fronius-150x150.png\" alt=\"\" width=\"82\" height=\"82\" \/><\/a><\/em><\/p>\n<\/div>\n\t\t\t\t<\/div>\n\t\t\t\t<\/div>\n\t\t\t\t<div class=\"elementor-element elementor-element-f08cbce elementor-widget elementor-widget-text-editor\" data-id=\"f08cbce\" data-element_type=\"widget\" data-widget_type=\"text-editor.default\">\n\t\t\t\t<div class=\"elementor-widget-container\">\n\t\t\t\t\t<div class=\"elementor-text-editor elementor-clearfix\"><p><img loading=\"lazy\" class=\"alignleft\" src=\"https:\/\/tiszadadakemping.hu\/wp-content\/uploads\/2023\/05\/bufe1-300x178.jpg\" alt=\"\" width=\"300\" height=\"178\" \/><\/p>\n<p><span style=\"text-align: justify; letter-spacing: 0px;\"><i>Eko Snack Bar<\/i><\/span><\/p>\n<p>Udr\u017eate\u013enos\u0165 a environment\u00e1lne povedomie s\u00fa na\u0161ou najvy\u0161\u0161ou prioritou aj v bufete. V\u0161etky jedl\u00e1 s\u00fa vyroben\u00e9 z kvalitn\u00fdch surov\u00edn a prich\u00e1dzaj\u00fa k v\u00e1m v\u00fdhradne z lok\u00e1lneho ekologick\u00e9ho po\u013enohospod\u00e1rstva a z domovov na\u0161ich p\u00f4vodn\u00fdch v\u00fdrobcov v regi\u00f3ne. Nepou\u017e\u00edvame papierov\u00e9 ani plastov\u00e9 taniere a pr\u00edbory. Snack bar sa otv\u00e1ra 15. j\u00fana a zostane otvoren\u00fd a\u017e do konca hlavnej sez\u00f3ny! Otv\u00e1racie hodiny s\u00fa ka\u017ed\u00fd de\u0148 od 8:00 do 11:00 a od 17:00 do 22:00, tak\u017ee ra\u0148ajky a ve\u010dere m\u00f4\u017eete ma\u0165 aj u n\u00e1s!<\/p>\n<\/div>\n\t\t\t\t<\/div>\n\t\t\t\t<\/div>\n\t\t\t\t<div class=\"elementor-element elementor-element-883229f elementor-widget elementor-widget-text-editor\" data-id=\"883229f\" data-element_type=\"widget\" data-widget_type=\"text-editor.default\">\n\t\t\t\t<div class=\"elementor-widget-container\">\n\t\t\t\t\t<div class=\"elementor-text-editor elementor-clearfix\"><p><img loading=\"lazy\" width=\"300\" height=\"201\" class=\"wp-image-2544 alignleft\" src=\"https:\/\/tiszadadakemping.hu\/wp-content\/uploads\/2020\/12\/image003-300x201.jpg\" alt=\"\" srcset=\"https:\/\/tiszadadakemping.hu\/wp-content\/uploads\/2020\/12\/image003-300x201.jpg 300w, https:\/\/tiszadadakemping.hu\/wp-content\/uploads\/2020\/12\/image003.jpg 438w\" sizes=\"(max-width: 300px) 100vw, 300px\" \/><\/p>\n<p><em>Nakladanie s odpadom a recyklovanie odpadu<\/em><\/p>\n<p style=\"letter-spacing: normal;\">Odpad zbierame selekt\u00edvne.<\/p>\n<\/div>\n\t\t\t\t<\/div>\n\t\t\t\t<\/div>\n\t\t\t\t<div class=\"elementor-element elementor-element-f7a4c3e elementor-widget elementor-widget-text-editor\" data-id=\"f7a4c3e\" data-element_type=\"widget\" data-widget_type=\"text-editor.default\">\n\t\t\t\t<div class=\"elementor-widget-container\">\n\t\t\t\t\t<div class=\"elementor-text-editor elementor-clearfix\"><p><img loading=\"lazy\" class=\"wp-image-2766 size-medium alignleft\" src=\"https:\/\/tiszadadakemping.hu\/wp-content\/uploads\/2020\/12\/Gaurav-Kumara-kepe-a-Pixbayen_vagott-300x117.jpg\" alt=\"\" width=\"300\" height=\"117\" srcset=\"https:\/\/tiszadadakemping.hu\/wp-content\/uploads\/2020\/12\/Gaurav-Kumara-kepe-a-Pixbayen_vagott-300x117.jpg 300w, https:\/\/tiszadadakemping.hu\/wp-content\/uploads\/2020\/12\/Gaurav-Kumara-kepe-a-Pixbayen_vagott-1024x398.jpg 1024w, https:\/\/tiszadadakemping.hu\/wp-content\/uploads\/2020\/12\/Gaurav-Kumara-kepe-a-Pixbayen_vagott-768x299.jpg 768w, https:\/\/tiszadadakemping.hu\/wp-content\/uploads\/2020\/12\/Gaurav-Kumara-kepe-a-Pixbayen_vagott-600x233.jpg 600w, https:\/\/tiszadadakemping.hu\/wp-content\/uploads\/2020\/12\/Gaurav-Kumara-kepe-a-Pixbayen_vagott-1536x598.jpg 1536w, https:\/\/tiszadadakemping.hu\/wp-content\/uploads\/2020\/12\/Gaurav-Kumara-kepe-a-Pixbayen_vagott-1140x444.jpg 1140w, https:\/\/tiszadadakemping.hu\/wp-content\/uploads\/2020\/12\/Gaurav-Kumara-kepe-a-Pixbayen_vagott.jpg 1920w\" sizes=\"(max-width: 300px) 100vw, 300px\" \/><\/p>\n<p><em>Hospod\u00e1rne pou\u017e\u00edvanie vody<\/em><\/p>\n<p>Vodou \u0161etr\u00edme do maxim\u00e1lnej mo\u017enej miery. Pou\u017eit\u00fa vodu z um\u00fdvadiel a zr\u00e1\u017ekov\u00fa vodu recyklujeme v n\u00e1dr\u017eiach WC a v zavla\u017eovacom syst\u00e9me.\u00a0 Ventily sprchy sa ovl\u00e1daj\u00fa tla\u010didlom s \u010dasova\u010dom.<\/p>\n<\/div>\n\t\t\t\t<\/div>\n\t\t\t\t<\/div>\n\t\t\t\t<div class=\"elementor-element elementor-element-0fcb9b2 elementor-widget elementor-widget-text-editor\" data-id=\"0fcb9b2\" data-element_type=\"widget\" data-widget_type=\"text-editor.default\">\n\t\t\t\t<div class=\"elementor-widget-container\">\n\t\t\t\t\t<div class=\"elementor-text-editor elementor-clearfix\"><p><img class=\"alignleft\" src=\"https:\/\/tiszadadakemping.hu\/wp-content\/uploads\/2020\/12\/image006.png\" alt=\"\" \/><\/p>\n<p><em>Chemik\u00e1lie<\/em><\/p>\n<p style=\"letter-spacing: normal;\">Na\u0161im n\u00e1v\u0161tevn\u00edkom odpor\u00fa\u010dame pou\u017e\u00edva\u0165 ekologick\u00e9, 100 % biologicky odb\u00farate\u013en\u00e9 dom\u00e1ce \u010distiace prostriedky Cleaneco. V z\u00e1hrade pou\u017e\u00edvame len ekologick\u00e9 prostriedky a rastliny nepostrekujeme. Voda v baz\u00e9ne sa dezinfikuje syst\u00e9mom na rozp\u00fa\u0161\u0165anie soli, a nie prid\u00e1van\u00edm chl\u00f3ru do vody, v\u010faka \u010domu voda je mierne slan\u00e1.<\/p>\n<\/div>\n\t\t\t\t<\/div>\n\t\t\t\t<\/div>\n\t\t\t\t<div class=\"elementor-element elementor-element-c1e06f7 elementor-widget elementor-widget-text-editor\" data-id=\"c1e06f7\" data-element_type=\"widget\" data-widget_type=\"text-editor.default\">\n\t\t\t\t<div class=\"elementor-widget-container\">\n\t\t\t\t\t<div class=\"elementor-text-editor elementor-clearfix\"><p><img loading=\"lazy\" class=\"size-medium wp-image-2769 alignleft\" src=\"https:\/\/tiszadadakemping.hu\/wp-content\/uploads\/2021\/01\/madbaratkert_tabla_sz-300x167.jpg\" alt=\"\" width=\"300\" height=\"167\" srcset=\"https:\/\/tiszadadakemping.hu\/wp-content\/uploads\/2021\/01\/madbaratkert_tabla_sz-300x167.jpg 300w, https:\/\/tiszadadakemping.hu\/wp-content\/uploads\/2021\/01\/madbaratkert_tabla_sz.jpg 753w\" sizes=\"(max-width: 300px) 100vw, 300px\" \/><\/p>\n<p style=\"letter-spacing: normal;\"><em>\u00a0<\/em><\/p>\n<p><em>Kemp priate\u013esk\u00fd k vt\u00e1ctvu<\/em><\/p>\n<p style=\"letter-spacing: normal;\">Na z\u00e1klade usmernen\u00ed Ma\u010farskej ornitologickej spolo\u010dnosti a Spolo\u010dnosti na ochranu pr\u00edrody.<\/p>\n<\/div>\n\t\t\t\t<\/div>\n\t\t\t\t<\/div>\n\t\t\t\t<div class=\"elementor-element elementor-element-45e02df elementor-widget elementor-widget-text-editor\" data-id=\"45e02df\" data-element_type=\"widget\" data-widget_type=\"text-editor.default\">\n\t\t\t\t<div class=\"elementor-widget-container\">\n\t\t\t\t\t<div class=\"elementor-text-editor elementor-clearfix\"><p><img loading=\"lazy\" width=\"300\" height=\"155\" class=\"wp-image-2756 alignleft\" src=\"https:\/\/tiszadadakemping.hu\/wp-content\/uploads\/2020\/12\/image008-300x155.jpg\" alt=\"\" srcset=\"https:\/\/tiszadadakemping.hu\/wp-content\/uploads\/2020\/12\/image008-300x155.jpg 300w, https:\/\/tiszadadakemping.hu\/wp-content\/uploads\/2020\/12\/image008.jpg 545w\" sizes=\"(max-width: 300px) 100vw, 300px\" \/><\/p>\n<p><em>Minim\u00e1lne sveteln\u00e9 za\u0165a\u017eenie<\/em><\/p>\n<p style=\"letter-spacing: normal;\">Osvetlenie v na\u0161om kempe je rie\u0161en\u00e9 tak, aby poskytovalo len minim\u00e1lne osvetlenie potrebn\u00e9 pre bezpe\u010dnos\u0165 v noci. T\u00fdmto sp\u00f4sobom zni\u017eujeme sveteln\u00e9 zne\u010distenie v na\u0161om okol\u00ed a v bl\u00edzkej chr\u00e1nenej krajinnej oblasti. Popri tom \u0161etr\u00edme energiu. Po\u010das jasn\u00fdch noc\u00ed si n\u00e1v\u0161tevn\u00edci kempu m\u00f4\u017eu neru\u0161ene pozorova\u0165 hviezdy.<\/p>\n<\/div>\n\t\t\t\t<\/div>\n\t\t\t\t<\/div>\n\t\t\t\t<div class=\"elementor-element elementor-element-faeba73 elementor-widget elementor-widget-text-editor\" data-id=\"faeba73\" data-element_type=\"widget\" data-widget_type=\"text-editor.default\">\n\t\t\t\t<div class=\"elementor-widget-container\">\n\t\t\t\t\t<div class=\"elementor-text-editor elementor-clearfix\"><p><img loading=\"lazy\" class=\"size-medium wp-image-2771 alignleft\" src=\"https:\/\/tiszadadakemping.hu\/wp-content\/uploads\/2021\/01\/AllClear55-kepe-a-Pixabay-en_vagott-300x157.jpg\" alt=\"\" width=\"300\" height=\"157\" srcset=\"https:\/\/tiszadadakemping.hu\/wp-content\/uploads\/2021\/01\/AllClear55-kepe-a-Pixabay-en_vagott-300x157.jpg 300w, https:\/\/tiszadadakemping.hu\/wp-content\/uploads\/2021\/01\/AllClear55-kepe-a-Pixabay-en_vagott-1024x534.jpg 1024w, https:\/\/tiszadadakemping.hu\/wp-content\/uploads\/2021\/01\/AllClear55-kepe-a-Pixabay-en_vagott-768x401.jpg 768w, https:\/\/tiszadadakemping.hu\/wp-content\/uploads\/2021\/01\/AllClear55-kepe-a-Pixabay-en_vagott-1536x802.jpg 1536w, https:\/\/tiszadadakemping.hu\/wp-content\/uploads\/2021\/01\/AllClear55-kepe-a-Pixabay-en_vagott-720x380.jpg 720w, https:\/\/tiszadadakemping.hu\/wp-content\/uploads\/2021\/01\/AllClear55-kepe-a-Pixabay-en_vagott-1140x595.jpg 1140w, https:\/\/tiszadadakemping.hu\/wp-content\/uploads\/2021\/01\/AllClear55-kepe-a-Pixabay-en_vagott.jpg 1920w\" sizes=\"(max-width: 300px) 100vw, 300px\" \/><\/p>\n<p><em>Tich\u00e9 noci<\/em><\/p>\n<p style=\"letter-spacing: normal;\">No\u010dn\u00e9 ticho je k\u013e\u00fa\u010dom k odpo\u010dinku pre \u013eud\u00ed aj zvierat\u00e1. V noci, v \u010dase od 23.00 hod. do 7.00 hod. r\u00e1na jazda na \u00fazem\u00ed kempu motorov\u00fdm vozidlom nie je povolen\u00e1. \u017diadame na\u0161ich n\u00e1v\u0161tevn\u00edkov, aby sa v tomto \u010dase zdr\u017eali hlu\u010dn\u00fdch \u010dinnost\u00ed a hlu\u010dn\u00e9ho spr\u00e1vania sa.<\/p>\n<\/div>\n\t\t\t\t<\/div>\n\t\t\t\t<\/div>\n\t\t\t\t<div class=\"elementor-element elementor-element-701f77b3 elementor-widget elementor-widget-text-editor\" data-id=\"701f77b3\" data-element_type=\"widget\" data-widget_type=\"text-editor.default\">\n\t\t\t\t<div class=\"elementor-widget-container\">\n\t\t\t\t\t<div class=\"elementor-text-editor elementor-clearfix\"><div>\n<div>\n<div><\/div>\n<p><img loading=\"lazy\" class=\"alignleft\" src=\"https:\/\/tiszadadakemping.hu\/wp-content\/uploads\/2020\/12\/Paul-Brennan-kepe-a-Pixabay-en-300x220.jpg\" alt=\"\" width=\"300\" height=\"220\" \/><i><br \/>\n<\/i><\/p>\n<p><em>Nab\u00edjacie miesto pre elektromobily<\/em><\/p>\n<p><i style=\"letter-spacing: 0px;\">V na\u0161om kempe sme zriadili 11 kW nab\u00edjacie miesto pre e-aut\u00e1. Ke\u010f\u017ee nab\u00edjacie miesto je ur\u010den\u00e9 pre na\u0161ich n\u00e1v\u0161tevn\u00edkov, pripojenie nie je vhodn\u00e9 na r\u00fdchle nab\u00edjanie. Elektrick\u00e9 pripojenie parciel nie je vhodn\u00e9 na nab\u00edjanie elektromobilov.<\/i><\/p>\n<\/div>\n<\/div>\n<\/div>\n\t\t\t\t<\/div>\n\t\t\t\t<\/div>\n\t\t\t\t\t\t<\/div>\n\t\t\t\t\t<\/div>\n\t\t<\/div>\n\t\t\t\t\t\t\t\t<\/div>\n\t\t\t\t\t<\/div>\n\t\t<\/section>\n\t\t\t\t\t\t<\/div>\n\t\t\t\t\t\t<\/div>\n\t\t\t\t\t<\/div>\n\t\t","protected":false},"excerpt":{"rendered":"<p>Nulov\u00e1 energetick\u00e1 bilancia N\u00e1\u0161 kemp je prev\u00e1dzkovan\u00fd s nulovou energetickou bilanciou, tak\u017ee spotrebujeme len to\u013eko energie, ko\u013eko z nej vyrob\u00edme. Tepl\u00fa vodu a elektrinu vyr\u00e1bame pomocou slne\u010dnej energie. Vy\u017eaduje si to aj men\u0161ie obetu od na\u0161ich n\u00e1v\u0161tevn\u00edkov: mno\u017estvo teplej vody je obmedzen\u00e9, najm\u00e4 po\u010das zamra\u010den\u00fdch dn\u00ed. Odpor\u00fa\u010dame pou\u017e\u00edva\u0165 sprchy rozlo\u017eene po\u010das d\u0148a, aby sa predi\u0161lo \u00fapln\u00e9mu vy\u010derpaniu teplej vody. \u00a0 Tiszadada Kemping &amp; Glamping sol\u00e1rne panely LIVE Eko Snack Bar Udr\u017eate\u013enos\u0165 a environment\u00e1lne povedomie s\u00fa na\u0161ou najvy\u0161\u0161ou prioritou aj v bufete. V\u0161etky jedl\u00e1 s\u00fa vyroben\u00e9 z kvalitn\u00fdch surov\u00edn a prich\u00e1dzaj\u00fa k v\u00e1m v\u00fdhradne z lok\u00e1lneho ekologick\u00e9ho po\u013enohospod\u00e1rstva a z domovov na\u0161ich p\u00f4vodn\u00fdch v\u00fdrobcov v regi\u00f3ne. Nepou\u017e\u00edvame papierov\u00e9 ani plastov\u00e9 taniere a pr\u00edbory. Snack bar sa otv\u00e1ra 15. j\u00fana a zostane otvoren\u00fd a\u017e do konca hlavnej sez\u00f3ny! Otv\u00e1racie hodiny s\u00fa ka\u017ed\u00fd de\u0148 od 8:00 do 11:00 a od 17:00 do 22:00, tak\u017ee ra\u0148ajky a ve\u010dere m\u00f4\u017eete ma\u0165 aj u n\u00e1s! Nakladanie s odpadom a recyklovanie odpadu Odpad zbierame selekt\u00edvne. Hospod\u00e1rne pou\u017e\u00edvanie vody Vodou \u0161etr\u00edme do maxim\u00e1lnej mo\u017enej miery. Pou\u017eit\u00fa vodu z um\u00fdvadiel a zr\u00e1\u017ekov\u00fa vodu recyklujeme v n\u00e1dr\u017eiach WC a v zavla\u017eovacom syst\u00e9me.\u00a0 Ventily sprchy sa ovl\u00e1daj\u00fa tla\u010didlom s \u010dasova\u010dom. Chemik\u00e1lie Na\u0161im n\u00e1v\u0161tevn\u00edkom odpor\u00fa\u010dame pou\u017e\u00edva\u0165 ekologick\u00e9, 100 % biologicky odb\u00farate\u013en\u00e9 dom\u00e1ce \u010distiace prostriedky Cleaneco. V z\u00e1hrade pou\u017e\u00edvame len ekologick\u00e9 prostriedky a rastliny nepostrekujeme. Voda v baz\u00e9ne sa dezinfikuje syst\u00e9mom na rozp\u00fa\u0161\u0165anie soli, a nie prid\u00e1van\u00edm chl\u00f3ru do vody, v\u010faka \u010domu voda je mierne slan\u00e1. \u00a0 Kemp priate\u013esk\u00fd k vt\u00e1ctvu Na z\u00e1klade usmernen\u00ed Ma\u010farskej ornitologickej spolo\u010dnosti a Spolo\u010dnosti na ochranu pr\u00edrody. Minim\u00e1lne sveteln\u00e9 za\u0165a\u017eenie Osvetlenie v na\u0161om kempe je rie\u0161en\u00e9 tak, aby poskytovalo len minim\u00e1lne osvetlenie potrebn\u00e9 pre bezpe\u010dnos\u0165 v noci. T\u00fdmto sp\u00f4sobom zni\u017eujeme sveteln\u00e9 zne\u010distenie v na\u0161om okol\u00ed a v bl\u00edzkej chr\u00e1nenej krajinnej oblasti. Popri tom \u0161etr\u00edme energiu. Po\u010das jasn\u00fdch noc\u00ed si n\u00e1v\u0161tevn\u00edci kempu m\u00f4\u017eu neru\u0161ene pozorova\u0165 hviezdy. Tich\u00e9 noci No\u010dn\u00e9 ticho je k\u013e\u00fa\u010dom k odpo\u010dinku pre \u013eud\u00ed aj zvierat\u00e1. V noci, v \u010dase od 23.00 hod. do 7.00 hod. r\u00e1na jazda na \u00fazem\u00ed kempu motorov\u00fdm vozidlom nie je povolen\u00e1. \u017diadame na\u0161ich n\u00e1v\u0161tevn\u00edkov, aby sa v tomto \u010dase zdr\u017eali hlu\u010dn\u00fdch \u010dinnost\u00ed a hlu\u010dn\u00e9ho spr\u00e1vania sa. Nab\u00edjacie miesto pre elektromobily V na\u0161om kempe sme zriadili 11 kW nab\u00edjacie miesto pre e-aut\u00e1. Ke\u010f\u017ee nab\u00edjacie miesto je ur\u010den\u00e9 pre na\u0161ich n\u00e1v\u0161tevn\u00edkov, pripojenie nie je vhodn\u00e9 na r\u00fdchle nab\u00edjanie. Elektrick\u00e9 pripojenie parciel nie je vhodn\u00e9 na nab\u00edjanie elektromobilov.<\/p>\n","protected":false},"author":1,"featured_media":0,"parent":0,"menu_order":0,"comment_status":"closed","ping_status":"closed","template":"","meta":[],"_links":{"self":[{"href":"https:\/\/tiszadadakemping.hu\/index.php\/wp-json\/wp\/v2\/pages\/3295"}],"collection":[{"href":"https:\/\/tiszadadakemping.hu\/index.php\/wp-json\/wp\/v2\/pages"}],"about":[{"href":"https:\/\/tiszadadakemping.hu\/index.php\/wp-json\/wp\/v2\/types\/page"}],"author":[{"embeddable":true,"href":"https:\/\/tiszadadakemping.hu\/index.php\/wp-json\/wp\/v2\/users\/1"}],"replies":[{"embeddable":true,"href":"https:\/\/tiszadadakemping.hu\/index.php\/wp-json\/wp\/v2\/comments?post=3295"}],"version-history":[{"count":18,"href":"https:\/\/tiszadadakemping.hu\/index.php\/wp-json\/wp\/v2\/pages\/3295\/revisions"}],"predecessor-version":[{"id":6249,"href":"https:\/\/tiszadadakemping.hu\/index.php\/wp-json\/wp\/v2\/pages\/3295\/revisions\/6249"}],"wp:attachment":[{"href":"https:\/\/tiszadadakemping.hu\/index.php\/wp-json\/wp\/v2\/media?parent=3295"}],"curies":[{"name":"wp","href":"https:\/\/api.w.org\/{rel}","templated":true}]}}