{"id":3963,"date":"2022-05-12T14:31:08","date_gmt":"2022-05-12T14:31:08","guid":{"rendered":"https:\/\/tiszadadakemping.hu\/?page_id=3963"},"modified":"2025-05-14T12:45:49","modified_gmt":"2025-05-14T12:45:49","slug":"masszazs","status":"publish","type":"page","link":"https:\/\/tiszadadakemping.hu\/index.php\/masszazs\/","title":{"rendered":"Massz\u00e1zs"},"content":{"rendered":"\t\t<div data-elementor-type=\"wp-page\" data-elementor-id=\"3963\" class=\"elementor elementor-3963\" data-elementor-settings=\"[]\">\n\t\t\t\t\t\t<div class=\"elementor-inner\">\n\t\t\t\t\t\t\t<div class=\"elementor-section-wrap\">\n\t\t\t\t\t\t\t<section class=\"elementor-section elementor-top-section elementor-element elementor-element-4271b32 elementor-section-boxed elementor-section-height-default elementor-section-height-default\" data-id=\"4271b32\" data-element_type=\"section\">\n\t\t\t\t\t\t<div class=\"elementor-container elementor-column-gap-default\">\n\t\t\t\t\t\t\t<div class=\"elementor-row\">\n\t\t\t\t\t<div class=\"elementor-column elementor-col-100 elementor-top-column elementor-element elementor-element-2da55101\" data-id=\"2da55101\" data-element_type=\"column\">\n\t\t\t<div class=\"elementor-column-wrap elementor-element-populated\">\n\t\t\t\t\t\t\t<div class=\"elementor-widget-wrap\">\n\t\t\t\t\t\t<div class=\"elementor-element elementor-element-4316b571 elementor-widget elementor-widget-text-editor\" data-id=\"4316b571\" data-element_type=\"widget\" data-widget_type=\"text-editor.default\">\n\t\t\t\t<div class=\"elementor-widget-container\">\n\t\t\t\t\t<div class=\"elementor-text-editor elementor-clearfix\"><p>A kerti tavunk partj\u00e1n, n\u00e1dfedeles, sz\u00fanyogh\u00e1l\u00f3val v\u00e9dett pagod\u00e1ban relax\u00e1l\u00f3 massz\u00e1zs lehet\u0151s\u00e9geket k\u00edn\u00e1lunk vend\u00e9geinknek. A massz\u00e1zs el\u0151zetes id\u0151pont foglal\u00e1ssal vehet\u0151 ig\u00e9nybe. \u00c1ltal\u00e1ban legal\u00e1bb 1 nappal el\u0151bb le kell foglalni, aznapra csak ritk\u00e1n tudjuk megoldani. A legjobb, ha m\u00e1r \u00e9rkez\u00e9s el\u0151tt jelzi az ig\u00e9ny\u00e9t.<\/p><p>Massz\u00e1zs \u00e1rak:<\/p><figure class=\"wp-block-table\"><table><tbody><tr><td>\u00a0<\/td><td>Id\u0151<\/td><td>\u00c1r<\/td><\/tr><tr><td>Intenz\u00edv h\u00e1tmassz\u00e1zs<\/td><td>30 perc<\/td><td>9000 Ft<\/td><\/tr><tr><td>Sv\u00e9d wellness massz\u00e1zs\u00a0<\/td><td>50 perc<\/td><td>12000 Ft<\/td><\/tr><tr><td>L\u00e1vak\u00f6ves wellness massz\u00e1zs<\/td><td>50 perc<\/td><td>14000 Ft<\/td><\/tr><tr><td>Cellulit massz\u00e1zs<\/td><td>50 perc<\/td><td>12000 Ft<\/td><\/tr><\/tbody><\/table>4<\/figure><\/div>\n\t\t\t\t<\/div>\n\t\t\t\t<\/div>\n\t\t\t\t<div class=\"elementor-element elementor-element-6fe98d4 elementor-widget elementor-widget-image\" data-id=\"6fe98d4\" data-element_type=\"widget\" data-widget_type=\"image.default\">\n\t\t\t\t<div class=\"elementor-widget-container\">\n\t\t\t\t\t<div class=\"elementor-image\">\n\t\t\t\t\t\t\t\t\t\t<img width=\"768\" height=\"495\" src=\"https:\/\/tiszadadakemping.hu\/wp-content\/uploads\/2022\/05\/pagoda-768x495.jpg\" class=\"attachment-medium_large size-medium_large\" alt=\"\" loading=\"lazy\" srcset=\"https:\/\/tiszadadakemping.hu\/wp-content\/uploads\/2022\/05\/pagoda-768x495.jpg 768w, https:\/\/tiszadadakemping.hu\/wp-content\/uploads\/2022\/05\/pagoda-300x193.jpg 300w, https:\/\/tiszadadakemping.hu\/wp-content\/uploads\/2022\/05\/pagoda-1024x660.jpg 1024w, https:\/\/tiszadadakemping.hu\/wp-content\/uploads\/2022\/05\/pagoda-1536x990.jpg 1536w, https:\/\/tiszadadakemping.hu\/wp-content\/uploads\/2022\/05\/pagoda-1140x735.jpg 1140w, https:\/\/tiszadadakemping.hu\/wp-content\/uploads\/2022\/05\/pagoda.jpg 1778w\" sizes=\"(max-width: 768px) 100vw, 768px\" \/>\t\t\t\t\t\t\t\t\t\t\t<\/div>\n\t\t\t\t<\/div>\n\t\t\t\t<\/div>\n\t\t\t\t<div class=\"elementor-element elementor-element-a2b3b1d elementor-widget elementor-widget-heading\" data-id=\"a2b3b1d\" data-element_type=\"widget\" data-widget_type=\"heading.default\">\n\t\t\t\t<div class=\"elementor-widget-container\">\n\t\t\t<h2 class=\"elementor-heading-title elementor-size-default\">Sport &amp; Wellness<\/h2>\t\t<\/div>\n\t\t\t\t<\/div>\n\t\t\t\t<div class=\"elementor-element elementor-element-8255930 elementor-widget elementor-widget-text-editor\" data-id=\"8255930\" data-element_type=\"widget\" data-widget_type=\"text-editor.default\">\n\t\t\t\t<div class=\"elementor-widget-container\">\n\t\t\t\t\t<div class=\"elementor-text-editor elementor-clearfix\"><p><a href=\"https:\/\/tiszadadakemping.hu\/index.php\/kemping-glamping\/medence\/\"><img loading=\"lazy\" class=\"size-medium wp-image-4065 alignleft\" src=\"https:\/\/tiszadadakemping.hu\/wp-content\/uploads\/2022\/05\/to202205-300x120.jpg\" alt=\"\" width=\"300\" height=\"120\" srcset=\"https:\/\/tiszadadakemping.hu\/wp-content\/uploads\/2022\/05\/to202205-300x120.jpg 300w, https:\/\/tiszadadakemping.hu\/wp-content\/uploads\/2022\/05\/to202205-1024x410.jpg 1024w, https:\/\/tiszadadakemping.hu\/wp-content\/uploads\/2022\/05\/to202205-768x307.jpg 768w, https:\/\/tiszadadakemping.hu\/wp-content\/uploads\/2022\/05\/to202205-1536x615.jpg 1536w, https:\/\/tiszadadakemping.hu\/wp-content\/uploads\/2022\/05\/to202205-2048x820.jpg 2048w, https:\/\/tiszadadakemping.hu\/wp-content\/uploads\/2022\/05\/to202205-1140x456.jpg 1140w\" sizes=\"(max-width: 300px) 100vw, 300px\" \/><\/a><\/p><p>Bio f\u00fcrd\u0151tavunkr\u00f3l itt tal\u00e1l b\u0151vebb inform\u00e1ci\u00f3t:<\/p><p><a href=\"https:\/\/tiszadadakemping.hu\/index.php\/kemping-glamping\/medence\/\"><strong><span style=\"text-decoration: underline;\">\u00d6ko Mintat\u00f3&#8230;<\/span><\/strong><\/a><\/p><p>\u00a0<\/p><p>\u00a0<\/p><p>\u00a0<\/p><p><img loading=\"lazy\" class=\"wp-image-6117 size-medium alignleft\" src=\"https:\/\/tiszadadakemping.hu\/wp-content\/uploads\/2025\/05\/Szauna-300x225.jpg\" alt=\"\" width=\"300\" height=\"225\" srcset=\"https:\/\/tiszadadakemping.hu\/wp-content\/uploads\/2025\/05\/Szauna-300x225.jpg 300w, https:\/\/tiszadadakemping.hu\/wp-content\/uploads\/2025\/05\/Szauna-1024x768.jpg 1024w, https:\/\/tiszadadakemping.hu\/wp-content\/uploads\/2025\/05\/Szauna-768x576.jpg 768w, https:\/\/tiszadadakemping.hu\/wp-content\/uploads\/2025\/05\/Szauna-1536x1152.jpg 1536w, https:\/\/tiszadadakemping.hu\/wp-content\/uploads\/2025\/05\/Szauna-1140x855.jpg 1140w, https:\/\/tiszadadakemping.hu\/wp-content\/uploads\/2025\/05\/Szauna.jpg 2016w\" sizes=\"(max-width: 300px) 100vw, 300px\" \/><\/p><p>A Relax Gardenben fat\u00fczel\u00e9s\u0171 szauna, f\u00fcgg\u0151\u00e1gyak, priv\u00e1t grill, priv\u00e1t t\u0171zrak\u00f3 \u00e1ll a csendes pihen\u00e9sre v\u00e1gy\u00f3k rendelkez\u00e9s\u00e9re.<\/p><p><a href=\"https:\/\/tiszadadakemping.hu\/index.php\/szauna\/\"><span style=\"text-decoration: underline;\"><strong>Tov\u00e1bb a Relax Gardenhez \u00e9s a szaun\u00e1hoz&#8230;<\/strong><\/span><\/a><\/p><p>\u00a0<\/p><p>\u00a0<\/p><p>\u00a0<\/p><p>\u00a0<\/p><p>\u00a0<\/p><p><a href=\"https:\/\/tiszadadakemping.hu\/index.php\/kemping-glamping\/kerekpar-es-csonak-kolcsonzes\/\"><img loading=\"lazy\" class=\"size-medium wp-image-4818 alignleft\" src=\"https:\/\/tiszadadakemping.hu\/wp-content\/uploads\/2023\/04\/bicycles-6895_1920-300x225.jpg\" alt=\"\" width=\"300\" height=\"225\" srcset=\"https:\/\/tiszadadakemping.hu\/wp-content\/uploads\/2023\/04\/bicycles-6895_1920-300x225.jpg 300w, https:\/\/tiszadadakemping.hu\/wp-content\/uploads\/2023\/04\/bicycles-6895_1920-1024x768.jpg 1024w, https:\/\/tiszadadakemping.hu\/wp-content\/uploads\/2023\/04\/bicycles-6895_1920-768x576.jpg 768w, https:\/\/tiszadadakemping.hu\/wp-content\/uploads\/2023\/04\/bicycles-6895_1920-1536x1152.jpg 1536w, https:\/\/tiszadadakemping.hu\/wp-content\/uploads\/2023\/04\/bicycles-6895_1920-1140x855.jpg 1140w, https:\/\/tiszadadakemping.hu\/wp-content\/uploads\/2023\/04\/bicycles-6895_1920.jpg 1920w\" sizes=\"(max-width: 300px) 100vw, 300px\" \/><\/a><\/p><p>Kemping\u00fcnkben b\u00e9relhet kenut, ker\u00e9kp\u00e1rt, horg\u00e1sz ladikot \u00e9s Segway-t is!<\/p><p><a href=\"https:\/\/tiszadadakemping.hu\/index.php\/kemping-glamping\/kerekpar-es-csonak-kolcsonzes\/\"><span style=\"text-decoration: underline;\"><strong>Tov\u00e1bb a sporteszk\u00f6z b\u00e9rl\u00e9shez&#8230;<\/strong><\/span><\/a><\/p><\/div>\n\t\t\t\t<\/div>\n\t\t\t\t<\/div>\n\t\t\t\t\t\t<\/div>\n\t\t\t\t\t<\/div>\n\t\t<\/div>\n\t\t\t\t\t\t\t\t<\/div>\n\t\t\t\t\t<\/div>\n\t\t<\/section>\n\t\t\t\t\t\t<\/div>\n\t\t\t\t\t\t<\/div>\n\t\t\t\t\t<\/div>\n\t\t","protected":false},"excerpt":{"rendered":"<p>A kerti tavunk partj\u00e1n, n\u00e1dfedeles, sz\u00fanyogh\u00e1l\u00f3val v\u00e9dett pagod\u00e1ban relax\u00e1l\u00f3 massz\u00e1zs lehet\u0151s\u00e9geket k\u00edn\u00e1lunk vend\u00e9geinknek. A massz\u00e1zs el\u0151zetes id\u0151pont foglal\u00e1ssal vehet\u0151 ig\u00e9nybe. \u00c1ltal\u00e1ban legal\u00e1bb 1 nappal el\u0151bb le kell foglalni, aznapra csak ritk\u00e1n tudjuk megoldani. A legjobb, ha m\u00e1r \u00e9rkez\u00e9s el\u0151tt jelzi az ig\u00e9ny\u00e9t. Massz\u00e1zs \u00e1rak: \u00a0 Id\u0151 \u00c1r Intenz\u00edv h\u00e1tmassz\u00e1zs 30 perc 9000 Ft Sv\u00e9d wellness massz\u00e1zs\u00a0 50 perc 12000 Ft L\u00e1vak\u00f6ves wellness massz\u00e1zs 50 perc 14000 Ft Cellulit massz\u00e1zs 50 perc 12000 Ft 4 Sport &amp; Wellness Bio f\u00fcrd\u0151tavunkr\u00f3l itt tal\u00e1l b\u0151vebb inform\u00e1ci\u00f3t: \u00d6ko Mintat\u00f3&#8230; \u00a0 \u00a0 \u00a0 A Relax Gardenben fat\u00fczel\u00e9s\u0171 szauna, f\u00fcgg\u0151\u00e1gyak, priv\u00e1t grill, priv\u00e1t t\u0171zrak\u00f3 \u00e1ll a csendes pihen\u00e9sre v\u00e1gy\u00f3k rendelkez\u00e9s\u00e9re. Tov\u00e1bb a Relax Gardenhez \u00e9s a szaun\u00e1hoz&#8230; \u00a0 \u00a0 \u00a0 \u00a0 \u00a0 Kemping\u00fcnkben b\u00e9relhet kenut, ker\u00e9kp\u00e1rt, horg\u00e1sz ladikot \u00e9s Segway-t is! Tov\u00e1bb a sporteszk\u00f6z b\u00e9rl\u00e9shez&#8230;<\/p>\n","protected":false},"author":3,"featured_media":0,"parent":0,"menu_order":0,"comment_status":"closed","ping_status":"closed","template":"","meta":[],"_links":{"self":[{"href":"https:\/\/tiszadadakemping.hu\/index.php\/wp-json\/wp\/v2\/pages\/3963"}],"collection":[{"href":"https:\/\/tiszadadakemping.hu\/index.php\/wp-json\/wp\/v2\/pages"}],"about":[{"href":"https:\/\/tiszadadakemping.hu\/index.php\/wp-json\/wp\/v2\/types\/page"}],"author":[{"embeddable":true,"href":"https:\/\/tiszadadakemping.hu\/index.php\/wp-json\/wp\/v2\/users\/3"}],"replies":[{"embeddable":true,"href":"https:\/\/tiszadadakemping.hu\/index.php\/wp-json\/wp\/v2\/comments?post=3963"}],"version-history":[{"count":48,"href":"https:\/\/tiszadadakemping.hu\/index.php\/wp-json\/wp\/v2\/pages\/3963\/revisions"}],"predecessor-version":[{"id":6274,"href":"https:\/\/tiszadadakemping.hu\/index.php\/wp-json\/wp\/v2\/pages\/3963\/revisions\/6274"}],"wp:attachment":[{"href":"https:\/\/tiszadadakemping.hu\/index.php\/wp-json\/wp\/v2\/media?parent=3963"}],"curies":[{"name":"wp","href":"https:\/\/api.w.org\/{rel}","templated":true}]}}