{"id":4939,"date":"2023-04-07T12:49:12","date_gmt":"2023-04-07T12:49:12","guid":{"rendered":"https:\/\/tiszadadakemping.hu\/index.php\/sauna\/"},"modified":"2025-07-27T16:04:01","modified_gmt":"2025-07-27T16:04:01","slug":"sauna","status":"publish","type":"page","link":"https:\/\/tiszadadakemping.hu\/index.php\/sauna\/?lang=sk","title":{"rendered":"Sauna &#038; Relax Garden"},"content":{"rendered":"\t\t<div data-elementor-type=\"wp-page\" data-elementor-id=\"4939\" class=\"elementor elementor-4939 elementor-4858\" data-elementor-settings=\"[]\">\n\t\t\t\t\t\t<div class=\"elementor-inner\">\n\t\t\t\t\t\t\t<div class=\"elementor-section-wrap\">\n\t\t\t\t\t\t\t<section class=\"elementor-section elementor-top-section elementor-element elementor-element-cdcdf01 elementor-section-boxed elementor-section-height-default elementor-section-height-default\" data-id=\"cdcdf01\" data-element_type=\"section\">\n\t\t\t\t\t\t<div class=\"elementor-container elementor-column-gap-default\">\n\t\t\t\t\t\t\t<div class=\"elementor-row\">\n\t\t\t\t\t<div class=\"elementor-column elementor-col-100 elementor-top-column elementor-element elementor-element-fa1ab0b\" data-id=\"fa1ab0b\" data-element_type=\"column\">\n\t\t\t<div class=\"elementor-column-wrap elementor-element-populated\">\n\t\t\t\t\t\t\t<div class=\"elementor-widget-wrap\">\n\t\t\t\t\t\t<div class=\"elementor-element elementor-element-992a515 elementor-widget elementor-widget-text-editor\" data-id=\"992a515\" data-element_type=\"widget\" data-widget_type=\"text-editor.default\">\n\t\t\t\t<div class=\"elementor-widget-container\">\n\t\t\t\t\t<div class=\"elementor-text-editor elementor-clearfix\"><p>Na\u0161a vonkaj\u0161ia sauna na drevo bude k dispoz\u00edcii na\u0161im hos\u0165om ako s\u00fa\u010das\u0165 Relax Garden od roku 2025.<\/p><p>Relaxa\u010dn\u00e1 z\u00e1hrada pon\u00faka hojdacie siete, relaxa\u010dn\u00e9 priestory, s\u00fakromn\u00fd gril a s\u00fakromn\u00e9 ohnisko pre t\u00fdch, ktor\u00ed h\u013eadaj\u00fa pokojn\u00e9 \u00fato\u010disko. Slu\u017eby Relaxa\u010dnej z\u00e1hrady s\u00fa k dispoz\u00edcii iba hos\u0165om star\u0161\u00edm ako 12 rokov.<\/p><p>Relaxa\u010dn\u00e9 priestory Relaxa\u010dnej z\u00e1hrady s\u00fa pre kempuj\u00facich host\u00ed bezplatn\u00e9 od 7:00 do 19:00. Sauna, s\u00fakromn\u00fd gril a ohnisko s\u00fa k dispoz\u00edcii od 19:00 do 22:00 za 1500 HUF na osobu.<\/p><p>Ak by ste chceli saunu vyu\u017ei\u0165, dajte n\u00e1m pros\u00edm vedie\u0165 aspo\u0148 6 hod\u00edn vopred v Snack Bare alebo na recepcii! Saunu m\u00f4\u017eu vykurova\u0165 iba na\u0161i zamestnanci.<\/p><\/div>\n\t\t\t\t<\/div>\n\t\t\t\t<\/div>\n\t\t\t\t<div class=\"elementor-element elementor-element-9b5fa1f elementor-widget elementor-widget-image\" data-id=\"9b5fa1f\" data-element_type=\"widget\" data-widget_type=\"image.default\">\n\t\t\t\t<div class=\"elementor-widget-container\">\n\t\t\t\t\t<div class=\"elementor-image\">\n\t\t\t\t\t\t\t\t\t\t<img width=\"960\" height=\"612\" src=\"https:\/\/tiszadadakemping.hu\/wp-content\/uploads\/2025\/05\/Garden-1024x653.jpg\" class=\"attachment-large size-large\" alt=\"\" loading=\"lazy\" srcset=\"https:\/\/tiszadadakemping.hu\/wp-content\/uploads\/2025\/05\/Garden-1024x653.jpg 1024w, https:\/\/tiszadadakemping.hu\/wp-content\/uploads\/2025\/05\/Garden-300x191.jpg 300w, https:\/\/tiszadadakemping.hu\/wp-content\/uploads\/2025\/05\/Garden-768x490.jpg 768w, https:\/\/tiszadadakemping.hu\/wp-content\/uploads\/2025\/05\/Garden-1536x980.jpg 1536w, https:\/\/tiszadadakemping.hu\/wp-content\/uploads\/2025\/05\/Garden-1140x727.jpg 1140w, https:\/\/tiszadadakemping.hu\/wp-content\/uploads\/2025\/05\/Garden.jpg 1978w\" sizes=\"(max-width: 960px) 100vw, 960px\" \/>\t\t\t\t\t\t\t\t\t\t\t<\/div>\n\t\t\t\t<\/div>\n\t\t\t\t<\/div>\n\t\t\t\t<section class=\"elementor-section elementor-inner-section elementor-element elementor-element-54a3271 elementor-section-boxed elementor-section-height-default elementor-section-height-default\" data-id=\"54a3271\" data-element_type=\"section\">\n\t\t\t\t\t\t<div class=\"elementor-container elementor-column-gap-default\">\n\t\t\t\t\t\t\t<div class=\"elementor-row\">\n\t\t\t\t\t<div class=\"elementor-column elementor-col-50 elementor-inner-column elementor-element elementor-element-f53da73\" data-id=\"f53da73\" data-element_type=\"column\">\n\t\t\t<div class=\"elementor-column-wrap elementor-element-populated\">\n\t\t\t\t\t\t\t<div class=\"elementor-widget-wrap\">\n\t\t\t\t\t\t<div class=\"elementor-element elementor-element-99b1f19 elementor-widget elementor-widget-image\" data-id=\"99b1f19\" data-element_type=\"widget\" data-widget_type=\"image.default\">\n\t\t\t\t<div class=\"elementor-widget-container\">\n\t\t\t\t\t<div class=\"elementor-image\">\n\t\t\t\t\t\t\t\t\t\t<img width=\"960\" height=\"720\" src=\"https:\/\/tiszadadakemping.hu\/wp-content\/uploads\/2025\/05\/Szauna-1024x768.jpg\" class=\"attachment-large size-large\" alt=\"\" loading=\"lazy\" srcset=\"https:\/\/tiszadadakemping.hu\/wp-content\/uploads\/2025\/05\/Szauna-1024x768.jpg 1024w, https:\/\/tiszadadakemping.hu\/wp-content\/uploads\/2025\/05\/Szauna-300x225.jpg 300w, https:\/\/tiszadadakemping.hu\/wp-content\/uploads\/2025\/05\/Szauna-768x576.jpg 768w, https:\/\/tiszadadakemping.hu\/wp-content\/uploads\/2025\/05\/Szauna-1536x1152.jpg 1536w, https:\/\/tiszadadakemping.hu\/wp-content\/uploads\/2025\/05\/Szauna-1140x855.jpg 1140w, https:\/\/tiszadadakemping.hu\/wp-content\/uploads\/2025\/05\/Szauna.jpg 2016w\" sizes=\"(max-width: 960px) 100vw, 960px\" \/>\t\t\t\t\t\t\t\t\t\t\t<\/div>\n\t\t\t\t<\/div>\n\t\t\t\t<\/div>\n\t\t\t\t\t\t<\/div>\n\t\t\t\t\t<\/div>\n\t\t<\/div>\n\t\t\t\t<div class=\"elementor-column elementor-col-50 elementor-inner-column elementor-element elementor-element-a22b440\" data-id=\"a22b440\" data-element_type=\"column\">\n\t\t\t<div class=\"elementor-column-wrap elementor-element-populated\">\n\t\t\t\t\t\t\t<div class=\"elementor-widget-wrap\">\n\t\t\t\t\t\t<div class=\"elementor-element elementor-element-35100f6 elementor-widget elementor-widget-image\" data-id=\"35100f6\" data-element_type=\"widget\" data-widget_type=\"image.default\">\n\t\t\t\t<div class=\"elementor-widget-container\">\n\t\t\t\t\t<div class=\"elementor-image\">\n\t\t\t\t\t\t\t\t\t\t<img width=\"960\" height=\"668\" src=\"https:\/\/tiszadadakemping.hu\/wp-content\/uploads\/2023\/04\/Szauna_belul-3.jpeg\" class=\"attachment-large size-large\" alt=\"\" loading=\"lazy\" srcset=\"https:\/\/tiszadadakemping.hu\/wp-content\/uploads\/2023\/04\/Szauna_belul-3.jpeg 978w, https:\/\/tiszadadakemping.hu\/wp-content\/uploads\/2023\/04\/Szauna_belul-3-300x209.jpeg 300w, https:\/\/tiszadadakemping.hu\/wp-content\/uploads\/2023\/04\/Szauna_belul-3-768x535.jpeg 768w\" sizes=\"(max-width: 960px) 100vw, 960px\" \/>\t\t\t\t\t\t\t\t\t\t\t<\/div>\n\t\t\t\t<\/div>\n\t\t\t\t<\/div>\n\t\t\t\t\t\t<\/div>\n\t\t\t\t\t<\/div>\n\t\t<\/div>\n\t\t\t\t\t\t\t\t<\/div>\n\t\t\t\t\t<\/div>\n\t\t<\/section>\n\t\t\t\t<section class=\"elementor-section elementor-inner-section elementor-element elementor-element-c3d85c0 elementor-section-boxed elementor-section-height-default elementor-section-height-default\" data-id=\"c3d85c0\" data-element_type=\"section\">\n\t\t\t\t\t\t<div class=\"elementor-container elementor-column-gap-default\">\n\t\t\t\t\t\t\t<div class=\"elementor-row\">\n\t\t\t\t\t<div class=\"elementor-column elementor-col-50 elementor-inner-column elementor-element elementor-element-47f2b4e\" data-id=\"47f2b4e\" data-element_type=\"column\">\n\t\t\t<div class=\"elementor-column-wrap elementor-element-populated\">\n\t\t\t\t\t\t\t<div class=\"elementor-widget-wrap\">\n\t\t\t\t\t\t<div class=\"elementor-element elementor-element-41a779a elementor-widget elementor-widget-image\" data-id=\"41a779a\" data-element_type=\"widget\" data-widget_type=\"image.default\">\n\t\t\t\t<div class=\"elementor-widget-container\">\n\t\t\t\t\t<div class=\"elementor-image\">\n\t\t\t\t\t\t\t\t\t\t<img width=\"960\" height=\"720\" src=\"https:\/\/tiszadadakemping.hu\/wp-content\/uploads\/2025\/05\/Grill-1024x768.jpg\" class=\"attachment-large size-large\" alt=\"\" loading=\"lazy\" srcset=\"https:\/\/tiszadadakemping.hu\/wp-content\/uploads\/2025\/05\/Grill-1024x768.jpg 1024w, https:\/\/tiszadadakemping.hu\/wp-content\/uploads\/2025\/05\/Grill-300x225.jpg 300w, https:\/\/tiszadadakemping.hu\/wp-content\/uploads\/2025\/05\/Grill-768x576.jpg 768w, https:\/\/tiszadadakemping.hu\/wp-content\/uploads\/2025\/05\/Grill-1536x1152.jpg 1536w, https:\/\/tiszadadakemping.hu\/wp-content\/uploads\/2025\/05\/Grill-1140x855.jpg 1140w, https:\/\/tiszadadakemping.hu\/wp-content\/uploads\/2025\/05\/Grill.jpg 2016w\" sizes=\"(max-width: 960px) 100vw, 960px\" \/>\t\t\t\t\t\t\t\t\t\t\t<\/div>\n\t\t\t\t<\/div>\n\t\t\t\t<\/div>\n\t\t\t\t\t\t<\/div>\n\t\t\t\t\t<\/div>\n\t\t<\/div>\n\t\t\t\t<div class=\"elementor-column elementor-col-50 elementor-inner-column elementor-element elementor-element-d5ab5ea\" data-id=\"d5ab5ea\" data-element_type=\"column\">\n\t\t\t<div class=\"elementor-column-wrap elementor-element-populated\">\n\t\t\t\t\t\t\t<div class=\"elementor-widget-wrap\">\n\t\t\t\t\t\t<div class=\"elementor-element elementor-element-f5a53dd elementor-widget elementor-widget-image\" data-id=\"f5a53dd\" data-element_type=\"widget\" data-widget_type=\"image.default\">\n\t\t\t\t<div class=\"elementor-widget-container\">\n\t\t\t\t\t<div class=\"elementor-image\">\n\t\t\t\t\t\t\t\t\t\t<img width=\"960\" height=\"720\" src=\"https:\/\/tiszadadakemping.hu\/wp-content\/uploads\/2025\/05\/Relax2025-1024x768.jpg\" class=\"attachment-large size-large\" alt=\"\" loading=\"lazy\" srcset=\"https:\/\/tiszadadakemping.hu\/wp-content\/uploads\/2025\/05\/Relax2025-1024x768.jpg 1024w, https:\/\/tiszadadakemping.hu\/wp-content\/uploads\/2025\/05\/Relax2025-300x225.jpg 300w, https:\/\/tiszadadakemping.hu\/wp-content\/uploads\/2025\/05\/Relax2025-768x576.jpg 768w, https:\/\/tiszadadakemping.hu\/wp-content\/uploads\/2025\/05\/Relax2025-1536x1152.jpg 1536w, https:\/\/tiszadadakemping.hu\/wp-content\/uploads\/2025\/05\/Relax2025-1140x855.jpg 1140w, https:\/\/tiszadadakemping.hu\/wp-content\/uploads\/2025\/05\/Relax2025.jpg 2016w\" sizes=\"(max-width: 960px) 100vw, 960px\" \/>\t\t\t\t\t\t\t\t\t\t\t<\/div>\n\t\t\t\t<\/div>\n\t\t\t\t<\/div>\n\t\t\t\t\t\t<\/div>\n\t\t\t\t\t<\/div>\n\t\t<\/div>\n\t\t\t\t\t\t\t\t<\/div>\n\t\t\t\t\t<\/div>\n\t\t<\/section>\n\t\t\t\t<div class=\"elementor-element elementor-element-f41b60e elementor-widget elementor-widget-text-editor\" data-id=\"f41b60e\" data-element_type=\"widget\" data-widget_type=\"text-editor.default\">\n\t\t\t\t<div class=\"elementor-widget-container\">\n\t\t\t\t\t<div class=\"elementor-text-editor elementor-clearfix\"><p><strong>Pravidl\u00e1 saunovania:<\/strong><\/p>\n<p>Saunu je mo\u017en\u00e9 vyu\u017e\u00edva\u0165 len v dobrom zdravotnom stave!<br \/>\nV\u017edy pod nami rozprestrite uter\u00e1k. Noste osu\u0161ku namiesto syntetick\u00fdch plaviek!<br \/>\nEsenci\u00e1lny olej nelejte priamo na kachle! Namiesto toho dajte p\u00e1r kvapiek do saunovej ly\u017ei\u010dky vody a pomaly, po kvapk\u00e1ch, nalejte na l\u00e1vov\u00e9 kamene.<br \/>\nDo sauny si nenoste papu\u010de, \u0161perky, mobiln\u00e9 telef\u00f3ny ani in\u00e9 predmety!<br \/>\nSauna je pokojn\u00e9 miesto. Sk\u00faste sa uvo\u013eni\u0165: zatvorte o\u010di, d\u00e1vajte pozor na d\u00fdchanie!<\/p>\n<\/div>\n\t\t\t\t<\/div>\n\t\t\t\t<\/div>\n\t\t\t\t\t\t<\/div>\n\t\t\t\t\t<\/div>\n\t\t<\/div>\n\t\t\t\t\t\t\t\t<\/div>\n\t\t\t\t\t<\/div>\n\t\t<\/section>\n\t\t\t\t\t\t<\/div>\n\t\t\t\t\t\t<\/div>\n\t\t\t\t\t<\/div>\n\t\t","protected":false},"excerpt":{"rendered":"<p>Na\u0161a vonkaj\u0161ia sauna na drevo bude k dispoz\u00edcii na\u0161im hos\u0165om ako s\u00fa\u010das\u0165 Relax Garden od roku 2025. Relaxa\u010dn\u00e1 z\u00e1hrada pon\u00faka hojdacie siete, relaxa\u010dn\u00e9 priestory, s\u00fakromn\u00fd gril a s\u00fakromn\u00e9 ohnisko pre t\u00fdch, ktor\u00ed h\u013eadaj\u00fa pokojn\u00e9 \u00fato\u010disko. Slu\u017eby Relaxa\u010dnej z\u00e1hrady s\u00fa k dispoz\u00edcii iba hos\u0165om star\u0161\u00edm ako 12 rokov. Relaxa\u010dn\u00e9 priestory Relaxa\u010dnej z\u00e1hrady s\u00fa pre kempuj\u00facich host\u00ed bezplatn\u00e9 od 7:00 do 19:00. Sauna, s\u00fakromn\u00fd gril a ohnisko s\u00fa k dispoz\u00edcii od 19:00 do 22:00 za 1500 HUF na osobu. Ak by ste chceli saunu vyu\u017ei\u0165, dajte n\u00e1m pros\u00edm vedie\u0165 aspo\u0148 6 hod\u00edn vopred v Snack Bare alebo na recepcii! Saunu m\u00f4\u017eu vykurova\u0165 iba na\u0161i zamestnanci. Pravidl\u00e1 saunovania: Saunu je mo\u017en\u00e9 vyu\u017e\u00edva\u0165 len v dobrom zdravotnom stave! V\u017edy pod nami rozprestrite uter\u00e1k. Noste osu\u0161ku namiesto syntetick\u00fdch plaviek! Esenci\u00e1lny olej nelejte priamo na kachle! Namiesto toho dajte p\u00e1r kvapiek do saunovej ly\u017ei\u010dky vody a pomaly, po kvapk\u00e1ch, nalejte na l\u00e1vov\u00e9 kamene. Do sauny si nenoste papu\u010de, \u0161perky, mobiln\u00e9 telef\u00f3ny ani in\u00e9 predmety! Sauna je pokojn\u00e9 miesto. Sk\u00faste sa uvo\u013eni\u0165: zatvorte o\u010di, d\u00e1vajte pozor na d\u00fdchanie!<\/p>\n","protected":false},"author":3,"featured_media":0,"parent":0,"menu_order":0,"comment_status":"closed","ping_status":"closed","template":"","meta":[],"_links":{"self":[{"href":"https:\/\/tiszadadakemping.hu\/index.php\/wp-json\/wp\/v2\/pages\/4939"}],"collection":[{"href":"https:\/\/tiszadadakemping.hu\/index.php\/wp-json\/wp\/v2\/pages"}],"about":[{"href":"https:\/\/tiszadadakemping.hu\/index.php\/wp-json\/wp\/v2\/types\/page"}],"author":[{"embeddable":true,"href":"https:\/\/tiszadadakemping.hu\/index.php\/wp-json\/wp\/v2\/users\/3"}],"replies":[{"embeddable":true,"href":"https:\/\/tiszadadakemping.hu\/index.php\/wp-json\/wp\/v2\/comments?post=4939"}],"version-history":[{"count":9,"href":"https:\/\/tiszadadakemping.hu\/index.php\/wp-json\/wp\/v2\/pages\/4939\/revisions"}],"predecessor-version":[{"id":6573,"href":"https:\/\/tiszadadakemping.hu\/index.php\/wp-json\/wp\/v2\/pages\/4939\/revisions\/6573"}],"wp:attachment":[{"href":"https:\/\/tiszadadakemping.hu\/index.php\/wp-json\/wp\/v2\/media?parent=4939"}],"curies":[{"name":"wp","href":"https:\/\/api.w.org\/{rel}","templated":true}]}}