{"id":6314,"date":"2025-06-30T08:12:54","date_gmt":"2025-06-30T08:12:54","guid":{"rendered":"https:\/\/tiszadadakemping.hu\/?page_id=6314"},"modified":"2025-06-30T08:12:55","modified_gmt":"2025-06-30T08:12:55","slug":"foglalas","status":"publish","type":"page","link":"https:\/\/tiszadadakemping.hu\/index.php\/foglalas\/","title":{"rendered":"Foglal\u00e1s"},"content":{"rendered":"\n<p>Foglalni jurt\u00e1ra, lombs\u00e1torra \u00e9s fah\u00e1z apartmanra lehet. Lombs\u00e1tor \u00e9s fah\u00e1z apartman minimum 2 \u00e9jszak\u00e1ra foglalhat\u00f3. S\u00e1torhely\u00fcnk \u00e9s parcell\u00e1nk \u00e1ltal\u00e1ban van szabadon, az aktu\u00e1lis foglalts\u00e1gr\u00f3l telefonon tudunk felvil\u00e1gos\u00edt\u00e1st adni. <\/p>\n\n\n<p><!-- Reservation PLUS start --><br>\n<script type=\"text\/javascript\" src=\"https:\/\/booking.previo.app\/iframe\/\"><\/script><br>\n<iframe src=\"https:\/\/booking.previo.app\/?hotId=786023&amp;lang=hu\" scrolling=\"no\" frameborder=\"0\" width=\"100%\" height=\"2000\" name=\"previo-booking-iframe\" id=\"previo-booking-iframe\" allowtransparency=\"true\"><\/iframe><br>\n<!-- Reservation PLUS end --><\/p>","protected":false},"excerpt":{"rendered":"<p>Foglalni jurt\u00e1ra, lombs\u00e1torra \u00e9s fah\u00e1z apartmanra lehet. Lombs\u00e1tor \u00e9s fah\u00e1z apartman minimum 2 \u00e9jszak\u00e1ra foglalhat\u00f3. S\u00e1torhely\u00fcnk \u00e9s parcell\u00e1nk \u00e1ltal\u00e1ban van szabadon, az aktu\u00e1lis foglalts\u00e1gr\u00f3l telefonon tudunk felvil\u00e1gos\u00edt\u00e1st adni.<\/p>\n","protected":false},"author":3,"featured_media":0,"parent":0,"menu_order":0,"comment_status":"closed","ping_status":"closed","template":"","meta":[],"_links":{"self":[{"href":"https:\/\/tiszadadakemping.hu\/index.php\/wp-json\/wp\/v2\/pages\/6314"}],"collection":[{"href":"https:\/\/tiszadadakemping.hu\/index.php\/wp-json\/wp\/v2\/pages"}],"about":[{"href":"https:\/\/tiszadadakemping.hu\/index.php\/wp-json\/wp\/v2\/types\/page"}],"author":[{"embeddable":true,"href":"https:\/\/tiszadadakemping.hu\/index.php\/wp-json\/wp\/v2\/users\/3"}],"replies":[{"embeddable":true,"href":"https:\/\/tiszadadakemping.hu\/index.php\/wp-json\/wp\/v2\/comments?post=6314"}],"version-history":[{"count":11,"href":"https:\/\/tiszadadakemping.hu\/index.php\/wp-json\/wp\/v2\/pages\/6314\/revisions"}],"predecessor-version":[{"id":6392,"href":"https:\/\/tiszadadakemping.hu\/index.php\/wp-json\/wp\/v2\/pages\/6314\/revisions\/6392"}],"wp:attachment":[{"href":"https:\/\/tiszadadakemping.hu\/index.php\/wp-json\/wp\/v2\/media?parent=6314"}],"curies":[{"name":"wp","href":"https:\/\/api.w.org\/{rel}","templated":true}]}}