{"id":6329,"date":"2025-07-10T14:22:57","date_gmt":"2025-07-10T14:22:57","guid":{"rendered":"https:\/\/tiszadadakemping.hu\/?page_id=6329"},"modified":"2025-07-10T14:26:00","modified_gmt":"2025-07-10T14:26:00","slug":"rezervacia","status":"publish","type":"page","link":"https:\/\/tiszadadakemping.hu\/index.php\/rezervacia\/?lang=sk","title":{"rendered":"Rezerv\u00e1cia"},"content":{"rendered":"\n<p>Tu si m\u00f4\u017eete rezervova\u0165 jurtu, dom\u010dek na strome a apartm\u00e1n v chate. Dom\u010dek na strome a apartm\u00e1n v chate je mo\u017en\u00e9 rezervova\u0165 minim\u00e1lne na 2 noci. Zvy\u010dajne m\u00e1me vo\u013en\u00e9 miesta pre stany a stojacie miesta \u2013 inform\u00e1cie o aktu\u00e1lnej dostupnosti v\u00e1m poskytneme telefonicky.<\/p>\n\n\n<p><!-- Reservation PLUS start --><br>\n<script type=\"text\/javascript\" src=\"https:\/\/booking.previo.app\/iframe\/\"><\/script><br>\n<iframe src=\"https:\/\/booking.previo.app\/?hotId=786023&amp;lang=sk\" scrolling=\"no\" frameborder=\"0\" width=\"100%\" height=\"2000\" name=\"previo-booking-iframe\" id=\"previo-booking-iframe\" allowtransparency=\"true\"><\/iframe><br>\n<!-- Reservation PLUS end --><\/p>","protected":false},"excerpt":{"rendered":"<p>Tu si m\u00f4\u017eete rezervova\u0165 jurtu, dom\u010dek na strome a apartm\u00e1n v chate. Dom\u010dek na strome a apartm\u00e1n v chate je mo\u017en\u00e9 rezervova\u0165 minim\u00e1lne na 2 noci. Zvy\u010dajne m\u00e1me vo\u013en\u00e9 miesta pre stany a stojacie miesta \u2013 inform\u00e1cie o aktu\u00e1lnej dostupnosti v\u00e1m poskytneme telefonicky.<\/p>\n","protected":false},"author":3,"featured_media":0,"parent":0,"menu_order":0,"comment_status":"closed","ping_status":"closed","template":"","meta":[],"_links":{"self":[{"href":"https:\/\/tiszadadakemping.hu\/index.php\/wp-json\/wp\/v2\/pages\/6329"}],"collection":[{"href":"https:\/\/tiszadadakemping.hu\/index.php\/wp-json\/wp\/v2\/pages"}],"about":[{"href":"https:\/\/tiszadadakemping.hu\/index.php\/wp-json\/wp\/v2\/types\/page"}],"author":[{"embeddable":true,"href":"https:\/\/tiszadadakemping.hu\/index.php\/wp-json\/wp\/v2\/users\/3"}],"replies":[{"embeddable":true,"href":"https:\/\/tiszadadakemping.hu\/index.php\/wp-json\/wp\/v2\/comments?post=6329"}],"version-history":[{"count":4,"href":"https:\/\/tiszadadakemping.hu\/index.php\/wp-json\/wp\/v2\/pages\/6329\/revisions"}],"predecessor-version":[{"id":6444,"href":"https:\/\/tiszadadakemping.hu\/index.php\/wp-json\/wp\/v2\/pages\/6329\/revisions\/6444"}],"wp:attachment":[{"href":"https:\/\/tiszadadakemping.hu\/index.php\/wp-json\/wp\/v2\/media?parent=6329"}],"curies":[{"name":"wp","href":"https:\/\/api.w.org\/{rel}","templated":true}]}}